{"id":2890,"date":"2017-08-15T08:28:37","date_gmt":"2017-08-15T08:28:37","guid":{"rendered":"http:\/\/www.landschildkroeten.de\/haltung\/?page_id=2890"},"modified":"2020-09-15T09:24:05","modified_gmt":"2020-09-15T09:24:05","slug":"schmuck-dosenschildkroete-terrapene-ornata-ornata","status":"publish","type":"page","link":"https:\/\/www.xn--landschildkrte-6pb.de\/haltung\/schmuck-dosenschildkroete-terrapene-ornata-ornata\/","title":{"rendered":"Schmuck-Dosenschildkr\u00f6te &#8211; Terrapene ornata ornata"},"content":{"rendered":"<div class=\"extra-wrap block_7\">\n<a href=\"https:\/\/www.xn--landschildkrte-6pb.de\/haltung\/wp-content\/uploads\/2017\/08\/Terrapene-ornata-ornata-227.jpg\"><img loading=\"lazy\" decoding=\"async\" class=\"alignnone size-full wp-image-2893\" src=\"https:\/\/www.xn--landschildkrte-6pb.de\/haltung\/wp-content\/uploads\/2017\/08\/Terrapene-ornata-ornata-227.jpg\" alt=\"\" width=\"379\" height=\"320\" srcset=\"https:\/\/www.xn--landschildkrte-6pb.de\/haltung\/wp-content\/uploads\/2017\/08\/Terrapene-ornata-ornata-227.jpg 379w, https:\/\/www.xn--landschildkrte-6pb.de\/haltung\/wp-content\/uploads\/2017\/08\/Terrapene-ornata-ornata-227-300x253.jpg 300w\" sizes=\"auto, (max-width: 379px) 100vw, 379px\" \/><\/a><br \/>\nDie Schmuck-Dosenschildkr\u00f6te geh\u00f6rt zu den sch\u00f6nsten und agilsten aber leider auch zu den heikelsten und bedarf erfahrener H\u00e4nde.<\/p>\n<p>Der dunkelbraune, meist fast schwarze Carapax der Schmuck-Dosenschildkr\u00f6te ist deutlich flacher als bei den anderen Terrapene Arten und deutlich zu unterscheiden. Er besitzt eine attraktive gelbe Strahlenzeichnung, ebenso das Plastron. Kopf und Gliedma\u00dfen sind hell, oftmals auch gelb bis orange oder sogar Rot gefleckt. Besonders begehrt sind M\u00e4nnchen mit der sehr seltenen Blau-F\u00e4rbung am Kopf. Ausbildung der Hinterextremit\u00e4ten (keine Schwimmh\u00e4ute), Geschlechtlich divergierende Farbe der Iris und Geschlechterunterscheidung wie bei den anderen Terrapene-Arten beschrieben.<\/p>\n<p>Der Carapax erreicht eine Gr\u00f6\u00dfe von 10,2 cm bis selten \u00fcber 14 cm.<\/p>\n<h3>Vorkommen<\/h3>\n<p>USA, S\u00fcd-Ost Arizona bis S\u00fcd Wisconsin, Indiana und Louisiana und Mexiko, Nord-Ost Sonora und Nord-Chihuahua.<\/p>\n<h3>Lebensraum<\/h3>\n<p>Diese Terrapene-Art hat sich von der sonst \u00fcblichen Lebensweise (feucht-warm, Gew\u00e4ssern\u00e4he) der Dosenschildkr\u00f6ten am weitesten entfernt. Sie ist kaum an feuchte Regionen gebunden, sie bevorzugt steppenartige, halbtrockene Pr\u00e4rie- und Graslandschaften und ist gut an wechselnde Klimaverh\u00e4ltnisse angepasst. Lediglich mit den mitunter feucht-k\u00fchlen Sommertagen des mitteleurop\u00e4ischen Klimas kommt sie nicht zurecht und darin liegt u.a. das Problem in ihrer Haltung, worauf im Haltungsteil noch n\u00e4her eingegangen wird.<\/p>\n<h3>Lebensweise<\/h3>\n<p><a href=\"https:\/\/www.xn--landschildkrte-6pb.de\/haltung\/wp-content\/uploads\/2017\/08\/Schmuck-Dosenschildkr\u00f6ten-226.jpg\"><img loading=\"lazy\" decoding=\"async\" class=\"alignnone size-full wp-image-2892\" src=\"https:\/\/www.xn--landschildkrte-6pb.de\/haltung\/wp-content\/uploads\/2017\/08\/Schmuck-Dosenschildkr\u00f6ten-226.jpg\" alt=\"\" width=\"350\" height=\"284\" srcset=\"https:\/\/www.xn--landschildkrte-6pb.de\/haltung\/wp-content\/uploads\/2017\/08\/Schmuck-Dosenschildkr\u00f6ten-226.jpg 350w, https:\/\/www.xn--landschildkrte-6pb.de\/haltung\/wp-content\/uploads\/2017\/08\/Schmuck-Dosenschildkr\u00f6ten-226-300x243.jpg 300w\" sizes=\"auto, (max-width: 350px) 100vw, 350px\" \/><\/a><\/p>\n<p>Auch die Schmuck-Dosenschildkr\u00f6te ist \u00fcberwiegend morgens und abends aktiv. W\u00e4hrend der Tageshitze werden gerne Erdh\u00f6hlen oder andere Verstecke aufgesucht. In der Erde halten sie auch ihre Winterruhe. Auch sie ern\u00e4hren sich stark carnivor, aufgrund des trockeneren Lebensraumes jedoch etwas st\u00e4rker als die Terrapene-Arten des Carolina Komplexes. Sukkulenten und Fr\u00fcchte von Kakteen werden gerne gefressen, ansonsten alles, was sie bew\u00e4ltigen k\u00f6nnen.<\/p>\n<p>Diese Art geh\u00f6rt zu meiner Lieblingsterrapene, da sie aufgrund des deutlich kargeren Beutespektrums in ihrem Lebensraum wesentlich agiler und aggressiver auf die Jagd geht. Meine Tiere scheuen nicht davor zur\u00fcck, im \"Rudel\" adulte Futter-M\u00e4use in einem ungeahnten Tempo gezielt in die Ecke zu dr\u00e4ngen und zu erlegen! (Aus Tierschutzgr\u00fcnden verf\u00fcttere ich nat\u00fcrlich nur abget\u00f6tete M\u00e4use, lediglich zu Versuchszwecken habe ich diese Jagd im Freigehege einmalig gestattet und die Maus rechtzeitig erl\u00f6st).<\/p>\n<p>Sie werden von meinen Terrapene mit am zutraulichsten und k\u00f6nnen ihrem Pfleger bei Handlungen im Terrarium (aber auch im Freigehege) arg l\u00e4stig auf den Leib r\u00fccken, so dass man immer auf seine Finger achten muss! Keine meiner Bewegungen im Terrarien-Zimmer entgeht ihren Raubvogel-Blicken und sie beobachten genau, ob ich die Dose mit Grillen oder Zophobas hervorhole und nur dann kommen sie gierig an die Scheibe gest\u00fcrmt.<\/p>\n<h3>Haltung\/Zucht<\/h3>\n[ngg src=\"galleries\" ids=\"2\" display=\"basic_thumbnail\"]<em>Fotografin Bild 1 und Bild 2: Schmuckdosenschildkr\u00f6te, Schl\u00fcpfling (Terrapene ornata ornata): <strong>Karin List<\/strong><\/em><\/p>\n<p><em><span class=\"il\">Fotografin Bild 3 - Bild 6: Schmuckdosenschildkr\u00f6te (Terrapene ornata ornata): <strong>Katja&nbsp;Rother-Reus<\/strong><\/span><\/em><\/p>\n<div class=\"hr\"><\/div><!-- .hr (end) -->\n<p>Diese Art gilt leider als etwas heikel, wobei sie bei Beachtung einiger Grundregeln sehr pflegeleicht w\u00e4re. Grunds\u00e4tzlich ist diese Art im ger\u00e4umigen Terrarium mit Badegelegenheit zu halten und nur an warmen Sommertagen kommt sie bei mir ins Freigehege. Bei Sch\u00f6nwetterperioden im Sommer darf sie auch Nachts drau\u00dfen bleiben, ansonsten kommt sie an regnerischen Wetterphasen wieder ins Terrarium. Dies ist sehr wichtig, denn k\u00fchle Feuchtigkeit quittieren diese Tiere sofort mit geschwollenen Augen und einer laufenden Nase, sprich Atemwegsinfekten.<\/p>\n<p>Fast alle Halter, die ich kenne und die ihre Tiere gedankenlos den ganzen Sommer im Freiland hielten, klagten \u00fcber Verluste, oftmals erst nach einigen Jahren erfolgreicher Haltung und sogar Nachzucht, aber ein verregneter Sommer gen\u00fcgte, um dieses Trugbild aufzuzeigen und einige meiner Tiere stammen aus solchen Haltungen, in denen der Geschlechtspartner \"pl\u00f6tzlich und unerwartet\" einging und das verbliebene Tier dann abgegeben wurde. Auch ich hatte zu Beginn diese Probleme, bis ich meine Haltung konsequent \"nach dem Wetterbericht\" ausrichtete und die Tiere nun sofort zu Beginn einer Schlechtwetterperiode hereinhole und Infekte seitdem ausbleiben.<\/p>\n<h3>Temperatur<\/h3>\n<p>Die Temperaturen sollten tags\u00fcber \u00fcber 25\u00b0C liegen und die Gelegenheit zum Sonnenbad bei 40\u00b0C muss regelm\u00e4\u00dfig gegeben sein, wie gesagt, im Freigehege im nat\u00fcrlichen Sonnenlicht, oder im Terrarium mittels geeigneter Strahler (z.B. der <a href=\"https:\/\/www.xn--landschildkrte-6pb.de\/haltung\/beleuchtung\/beleuchtung-lucky-reptile-bright-sun-desert\/\" target=\"_blank\" rel=\"noopener noreferrer\">Lucky Reptile Bright Sun Desert<\/a>):<\/p>\n<a href=\"https:\/\/www.xn--schildkrten-yfb.net\/produkt\/lucky-reptile-bright-sun-uv-desert-70-w-komplettset-metalldampflampe-inklusive-passende-fassung-und-vorschaltgeraet\/\" title=\"Bestellung Lucky Reptile Bright Sun UV Desert\" class=\"btn btn-primary btn-normal btn-inline \" target=\"_blank\"><i class=\"icon-shopping-cart\"><\/i>Bestellung Lucky Reptile Bright Sun UV Desert<\/a><!-- .btn --><div class=\"hr\"><\/div><!-- .hr (end) -->\n<p>Nachtabsenkung auf unter 20\u00b0C ist ebenfalls wichtig. Das Problem ist nun, bei ausschlie\u00dflicher Haltung im Terrarium gedeihen die Tiere auch nicht vorteilhaft, es kommt zu unsch\u00f6nem, meist zu flachem Panzerwachstum und anderen Mangelerscheinungen.<\/p>\n<p>Da die Tiere aber wie gesagt sehr zahm werden, reagieren sie auf das h\u00e4ufige Umsetzen von Terrarium\/Freilandanlage sehr gelassen und werden nicht wie die z.B. stressanf\u00e4lligeren europ. LSK dadurch beeintr\u00e4chtigt.<\/p>\n<p>Futter wie bei den anderen Terrapene beschrieben, bei adulten Tieren unbedingt drei Fastentage pro Woche einlegen, tragende Weibchen ausgenommen, ihnen ist auch zerkleinerte Sepiaschale anzubieten (gilt f\u00fcr alle Terrapene). Winterruhe ist notwendig, diese ist wie bei den anderen Terrapene-Arten durchzuf\u00fchren.<\/p>\n<h3>Paarung, Zucht<\/h3>\n<p>Die Paarung von Schmuck-Dosenschildkr\u00f6ten ist etwas ruppiger und findet ebenfalls von Fr\u00fchjahr bis Herbst statt. Besonders stimulierend wirkt bei meinen Tieren das Einsetzen ins Freigehege bei Sonnenschein. Eiablage ebenfalls in den Abendstunden, es werden 2-6 Eier gelegt, aus denen nach ca. 61 Tagen dann der Schlupf erfolgt. Inkubation nicht ganz so feucht, die Aufzucht ist etwas schwieriger und nicht wenige Babies \u00fcberleben die ersten Wochen nicht. Man sollte deshalb beim Kauf auf mindestens halbj\u00e4hrige, stabilere Tiere bestehen.<\/p>\n<\/div>\n","protected":false},"excerpt":{"rendered":"","protected":false},"author":1,"featured_media":2893,"parent":0,"menu_order":0,"comment_status":"closed","ping_status":"closed","template":"","meta":{"_exactmetrics_skip_tracking":false,"_exactmetrics_sitenote_active":false,"_exactmetrics_sitenote_note":"","_exactmetrics_sitenote_category":0,"footnotes":""},"class_list":["post-2890","page","type-page","status-publish","has-post-thumbnail","hentry"],"aioseo_notices":[],"publishpress_future_action":{"enabled":false,"date":"2026-05-20 17:46:43","action":"change-status","newStatus":"draft","terms":[],"taxonomy":"","extraData":[]},"publishpress_future_workflow_manual_trigger":{"enabledWorkflows":[]},"_links":{"self":[{"href":"https:\/\/www.xn--landschildkrte-6pb.de\/haltung\/wp-json\/wp\/v2\/pages\/2890","targetHints":{"allow":["GET"]}}],"collection":[{"href":"https:\/\/www.xn--landschildkrte-6pb.de\/haltung\/wp-json\/wp\/v2\/pages"}],"about":[{"href":"https:\/\/www.xn--landschildkrte-6pb.de\/haltung\/wp-json\/wp\/v2\/types\/page"}],"author":[{"embeddable":true,"href":"https:\/\/www.xn--landschildkrte-6pb.de\/haltung\/wp-json\/wp\/v2\/users\/1"}],"replies":[{"embeddable":true,"href":"https:\/\/www.xn--landschildkrte-6pb.de\/haltung\/wp-json\/wp\/v2\/comments?post=2890"}],"version-history":[{"count":16,"href":"https:\/\/www.xn--landschildkrte-6pb.de\/haltung\/wp-json\/wp\/v2\/pages\/2890\/revisions"}],"predecessor-version":[{"id":10342,"href":"https:\/\/www.xn--landschildkrte-6pb.de\/haltung\/wp-json\/wp\/v2\/pages\/2890\/revisions\/10342"}],"wp:featuredmedia":[{"embeddable":true,"href":"https:\/\/www.xn--landschildkrte-6pb.de\/haltung\/wp-json\/wp\/v2\/media\/2893"}],"wp:attachment":[{"href":"https:\/\/www.xn--landschildkrte-6pb.de\/haltung\/wp-json\/wp\/v2\/media?parent=2890"}],"curies":[{"name":"wp","href":"https:\/\/api.w.org\/{rel}","templated":true}]}}