{"id":2987,"date":"2017-08-16T07:19:34","date_gmt":"2017-08-16T07:19:34","guid":{"rendered":"http:\/\/www.landschildkroeten.de\/haltung\/?page_id=2987"},"modified":"2022-08-27T06:51:01","modified_gmt":"2022-08-27T06:51:01","slug":"sphagnum-moos","status":"publish","type":"page","link":"https:\/\/www.xn--landschildkrte-6pb.de\/haltung\/sphagnum-moos\/","title":{"rendered":"Sphagnum Moos"},"content":{"rendered":"<div class=\"extra-wrap block_7\">\n<a href=\"https:\/\/www.xn--landschildkrte-6pb.de\/haltung\/wp-content\/uploads\/2017\/08\/sphagnum-moos.jpg\"><img loading=\"lazy\" decoding=\"async\" class=\"alignnone size-full wp-image-2988\" src=\"https:\/\/www.xn--landschildkrte-6pb.de\/haltung\/wp-content\/uploads\/2017\/08\/sphagnum-moos.jpg\" alt=\"\" width=\"300\" height=\"244\" \/><\/a><br \/>\nSphagnum Moos speichert sehr gut Feuchtigkeit und wird erfolgreich in folgenden Bereichen der Landschildkr\u00f6tenhaltung eingesetzt:<\/p>\n<h3>\u00dcberwinterung<\/h3>\n<p>Das feuchte <a href=\"https:\/\/xn--schildkrten-yfb.de\/products\/sphagnum-moos\" target=\"_blank\" rel=\"noopener\">Sphagnum Moos<\/a> wird als Alternative zu Buchenlaub (oder eine Mischung von Moos &amp; Buchenlaub) auf das Substrat gelegt in dem die Schildkr\u00f6te \u00fcberwintert. Vorgehen: Maulwurfserde\/Gartenerde oder ein Gemisch aus <a href=\"https:\/\/xn--schildkrten-yfb.de\/products\/kokosfaser-substrat-kokosfaserhumus\" target=\"_blank\" rel=\"noopener\">Kokosfaser<\/a> und Rindenhumus in eine Kiste - Schildkr\u00f6te oben drauf - Moos auf Schildkr\u00f6te. Eingraben wird sie sich selbst.<\/p>\n<a href=\"https:\/\/xn--schildkrten-yfb.de\/products\/sphagnum-moos\/\" title=\"Sphagnum Moos bestellen\" class=\"btn btn-primary btn-normal btn-inline \" target=\"_blank\"><i class=\"icon-shopping-cart\"><\/i>Sphagnum Moos bestellen<\/a><!-- .btn -->\n<a href=\"https:\/\/xn--schildkrten-yfb.de\/products\/kokosfaser-substrat-kokosfaserhumus\" title=\"Kokosfasersubstrat kaufen\" class=\"btn btn-primary btn-normal btn-inline \" target=\"_blank\"><i class=\"icon-shopping-cart\"><\/i>Kokosfasersubstrat kaufen<\/a><!-- .btn -->\n<h3>Aufzucht von Schl\u00fcpflingen<\/h3>\n<p>Das Sphagnum Moos ist bei Jungtieren sehr gut als Unterschlupfm\u00f6glichkeit geeignet und wird auch gerne angenommen.<\/p>\n<p>Sphagnum Moos erh\u00e4lt man z.B. als 200 Gramm Ziegel gepresst. Ein solcher ergibt etwa 9 Liter fertiges Sphagnum Moos.<\/p>\n\n\t\t<style type=\"text\/css\">\n\t\t\t#gallery-1 {\n\t\t\t\tmargin: auto;\n\t\t\t}\n\t\t\t#gallery-1 .gallery-item {\n\t\t\t\tfloat: left;\n\t\t\t\tmargin-top: 10px;\n\t\t\t\ttext-align: center;\n\t\t\t\twidth: 33%;\n\t\t\t}\n\t\t\t#gallery-1 img {\n\t\t\t\tborder: 2px solid #cfcfcf;\n\t\t\t}\n\t\t\t#gallery-1 .gallery-caption {\n\t\t\t\tmargin-left: 0;\n\t\t\t}\n\t\t\t\/* see gallery_shortcode() in wp-includes\/media.php *\/\n\t\t<\/style>\n\t\t<div id='gallery-1' class='gallery galleryid-2987 gallery-columns-3 gallery-size-thumbnail'><dl class='gallery-item'>\n\t\t\t<dt class='gallery-icon landscape'>\n\t\t\t\t<a href='https:\/\/www.xn--landschildkrte-6pb.de\/haltung\/sphagnum-moos\/attachment\/sphagnum-moos-fuer-schildkroeten\/'><img loading=\"lazy\" decoding=\"async\" width=\"150\" height=\"150\" src=\"https:\/\/www.xn--landschildkrte-6pb.de\/haltung\/wp-content\/uploads\/2022\/08\/Sphagnum-Moos-fuer-Schildkroeten-150x150.jpg\" class=\"attachment-thumbnail size-thumbnail\" alt=\"\" aria-describedby=\"gallery-1-18132\" srcset=\"https:\/\/www.xn--landschildkrte-6pb.de\/haltung\/wp-content\/uploads\/2022\/08\/Sphagnum-Moos-fuer-Schildkroeten-150x150.jpg 150w, https:\/\/www.xn--landschildkrte-6pb.de\/haltung\/wp-content\/uploads\/2022\/08\/Sphagnum-Moos-fuer-Schildkroeten-300x298.jpg 300w, https:\/\/www.xn--landschildkrte-6pb.de\/haltung\/wp-content\/uploads\/2022\/08\/Sphagnum-Moos-fuer-Schildkroeten-768x763.jpg 768w, https:\/\/www.xn--landschildkrte-6pb.de\/haltung\/wp-content\/uploads\/2022\/08\/Sphagnum-Moos-fuer-Schildkroeten.jpg 1000w\" sizes=\"auto, (max-width: 150px) 100vw, 150px\" \/><\/a>\n\t\t\t<\/dt>\n\t\t\t\t<dd class='wp-caption-text gallery-caption' id='gallery-1-18132'>\n\t\t\t\tSphagnum Moos f\u00fcr Schildkr\u00f6ten\n\t\t\t\t<\/dd><\/dl><dl class='gallery-item'>\n\t\t\t<dt class='gallery-icon landscape'>\n\t\t\t\t<a href='https:\/\/www.xn--landschildkrte-6pb.de\/haltung\/sphagnum-moos\/attachment\/sphagnum-moos-2\/'><img loading=\"lazy\" decoding=\"async\" width=\"150\" height=\"150\" src=\"https:\/\/www.xn--landschildkrte-6pb.de\/haltung\/wp-content\/uploads\/2022\/08\/Sphagnum-Moos-150x150.png\" class=\"attachment-thumbnail size-thumbnail\" alt=\"\" aria-describedby=\"gallery-1-18134\" srcset=\"https:\/\/www.xn--landschildkrte-6pb.de\/haltung\/wp-content\/uploads\/2022\/08\/Sphagnum-Moos-150x150.png 150w, https:\/\/www.xn--landschildkrte-6pb.de\/haltung\/wp-content\/uploads\/2022\/08\/Sphagnum-Moos-300x300.png 300w, https:\/\/www.xn--landschildkrte-6pb.de\/haltung\/wp-content\/uploads\/2022\/08\/Sphagnum-Moos.png 640w\" sizes=\"auto, (max-width: 150px) 100vw, 150px\" \/><\/a>\n\t\t\t<\/dt>\n\t\t\t\t<dd class='wp-caption-text gallery-caption' id='gallery-1-18134'>\n\t\t\t\tSphagnum Moos\n\t\t\t\t<\/dd><\/dl><dl class='gallery-item'>\n\t\t\t<dt class='gallery-icon landscape'>\n\t\t\t\t<a href='https:\/\/www.xn--landschildkrte-6pb.de\/haltung\/sphagnum-moos\/attachment\/sphagnum-moos-150g\/'><img loading=\"lazy\" decoding=\"async\" width=\"150\" height=\"150\" src=\"https:\/\/www.xn--landschildkrte-6pb.de\/haltung\/wp-content\/uploads\/2022\/08\/Sphagnum-Moos-150g-150x150.png\" class=\"attachment-thumbnail size-thumbnail\" alt=\"\" aria-describedby=\"gallery-1-18136\" srcset=\"https:\/\/www.xn--landschildkrte-6pb.de\/haltung\/wp-content\/uploads\/2022\/08\/Sphagnum-Moos-150g-150x150.png 150w, https:\/\/www.xn--landschildkrte-6pb.de\/haltung\/wp-content\/uploads\/2022\/08\/Sphagnum-Moos-150g-300x300.png 300w, https:\/\/www.xn--landschildkrte-6pb.de\/haltung\/wp-content\/uploads\/2022\/08\/Sphagnum-Moos-150g.png 640w\" sizes=\"auto, (max-width: 150px) 100vw, 150px\" \/><\/a>\n\t\t\t<\/dt>\n\t\t\t\t<dd class='wp-caption-text gallery-caption' id='gallery-1-18136'>\n\t\t\t\tSphagnum Moos 150g\n\t\t\t\t<\/dd><\/dl><br style=\"clear: both\" \/><dl class='gallery-item'>\n\t\t\t<dt class='gallery-icon landscape'>\n\t\t\t\t<a href='https:\/\/www.xn--landschildkrte-6pb.de\/haltung\/sphagnum-moos\/attachment\/sphagnum-moos-fuer-europaeische-landschildkroeten\/'><img loading=\"lazy\" decoding=\"async\" width=\"150\" height=\"150\" src=\"https:\/\/www.xn--landschildkrte-6pb.de\/haltung\/wp-content\/uploads\/2022\/08\/Sphagnum-Moos-fuer-Europaeische-Landschildkroeten-150x150.png\" class=\"attachment-thumbnail size-thumbnail\" alt=\"\" aria-describedby=\"gallery-1-18139\" srcset=\"https:\/\/www.xn--landschildkrte-6pb.de\/haltung\/wp-content\/uploads\/2022\/08\/Sphagnum-Moos-fuer-Europaeische-Landschildkroeten-150x150.png 150w, https:\/\/www.xn--landschildkrte-6pb.de\/haltung\/wp-content\/uploads\/2022\/08\/Sphagnum-Moos-fuer-Europaeische-Landschildkroeten-300x300.png 300w, https:\/\/www.xn--landschildkrte-6pb.de\/haltung\/wp-content\/uploads\/2022\/08\/Sphagnum-Moos-fuer-Europaeische-Landschildkroeten.png 640w\" sizes=\"auto, (max-width: 150px) 100vw, 150px\" \/><\/a>\n\t\t\t<\/dt>\n\t\t\t\t<dd class='wp-caption-text gallery-caption' id='gallery-1-18139'>\n\t\t\t\tSphagnum Moos f\u00fcr Europ\u00e4ische Landschildkr\u00f6ten\n\t\t\t\t<\/dd><\/dl><dl class='gallery-item'>\n\t\t\t<dt class='gallery-icon landscape'>\n\t\t\t\t<a href='https:\/\/www.xn--landschildkrte-6pb.de\/haltung\/sphagnum-moos\/attachment\/sphagnum-moos-zur-aufzucht-von-jungtieren\/'><img loading=\"lazy\" decoding=\"async\" width=\"150\" height=\"150\" src=\"https:\/\/www.xn--landschildkrte-6pb.de\/haltung\/wp-content\/uploads\/2022\/08\/Sphagnum-Moos-zur-Aufzucht-von-Jungtieren-150x150.png\" class=\"attachment-thumbnail size-thumbnail\" alt=\"\" aria-describedby=\"gallery-1-18138\" srcset=\"https:\/\/www.xn--landschildkrte-6pb.de\/haltung\/wp-content\/uploads\/2022\/08\/Sphagnum-Moos-zur-Aufzucht-von-Jungtieren-150x150.png 150w, https:\/\/www.xn--landschildkrte-6pb.de\/haltung\/wp-content\/uploads\/2022\/08\/Sphagnum-Moos-zur-Aufzucht-von-Jungtieren-300x300.png 300w, https:\/\/www.xn--landschildkrte-6pb.de\/haltung\/wp-content\/uploads\/2022\/08\/Sphagnum-Moos-zur-Aufzucht-von-Jungtieren.png 640w\" sizes=\"auto, (max-width: 150px) 100vw, 150px\" \/><\/a>\n\t\t\t<\/dt>\n\t\t\t\t<dd class='wp-caption-text gallery-caption' id='gallery-1-18138'>\n\t\t\t\tSphagnum Moos zur Aufzucht von Jungtieren\n\t\t\t\t<\/dd><\/dl><dl class='gallery-item'>\n\t\t\t<dt class='gallery-icon landscape'>\n\t\t\t\t<a href='https:\/\/www.xn--landschildkrte-6pb.de\/haltung\/sphagnum-moos\/attachment\/sphagnum-moos-fuer-schlafhoehlen-von-schildkroeten\/'><img loading=\"lazy\" decoding=\"async\" width=\"150\" height=\"150\" src=\"https:\/\/www.xn--landschildkrte-6pb.de\/haltung\/wp-content\/uploads\/2022\/08\/Sphagnum-Moos-fuer-Schlafhoehlen-von-Schildkroeten-150x150.png\" class=\"attachment-thumbnail size-thumbnail\" alt=\"\" aria-describedby=\"gallery-1-18137\" srcset=\"https:\/\/www.xn--landschildkrte-6pb.de\/haltung\/wp-content\/uploads\/2022\/08\/Sphagnum-Moos-fuer-Schlafhoehlen-von-Schildkroeten-150x150.png 150w, https:\/\/www.xn--landschildkrte-6pb.de\/haltung\/wp-content\/uploads\/2022\/08\/Sphagnum-Moos-fuer-Schlafhoehlen-von-Schildkroeten-300x300.png 300w, https:\/\/www.xn--landschildkrte-6pb.de\/haltung\/wp-content\/uploads\/2022\/08\/Sphagnum-Moos-fuer-Schlafhoehlen-von-Schildkroeten.png 640w\" sizes=\"auto, (max-width: 150px) 100vw, 150px\" \/><\/a>\n\t\t\t<\/dt>\n\t\t\t\t<dd class='wp-caption-text gallery-caption' id='gallery-1-18137'>\n\t\t\t\tSphagnum Moos f\u00fcr Schlafh\u00f6hlen von Schildkr\u00f6ten\n\t\t\t\t<\/dd><\/dl><br style=\"clear: both\" \/><dl class='gallery-item'>\n\t\t\t<dt class='gallery-icon landscape'>\n\t\t\t\t<a href='https:\/\/www.xn--landschildkrte-6pb.de\/haltung\/sphagnum-moos\/attachment\/sphagnum-moos-zur-ueberwinterung-von-landschildkroeten\/'><img loading=\"lazy\" decoding=\"async\" width=\"150\" height=\"150\" src=\"https:\/\/www.xn--landschildkrte-6pb.de\/haltung\/wp-content\/uploads\/2022\/08\/Sphagnum-Moos-zur-Ueberwinterung-von-Landschildkroeten-150x150.png\" class=\"attachment-thumbnail size-thumbnail\" alt=\"\" aria-describedby=\"gallery-1-18133\" srcset=\"https:\/\/www.xn--landschildkrte-6pb.de\/haltung\/wp-content\/uploads\/2022\/08\/Sphagnum-Moos-zur-Ueberwinterung-von-Landschildkroeten-150x150.png 150w, https:\/\/www.xn--landschildkrte-6pb.de\/haltung\/wp-content\/uploads\/2022\/08\/Sphagnum-Moos-zur-Ueberwinterung-von-Landschildkroeten-300x300.png 300w, https:\/\/www.xn--landschildkrte-6pb.de\/haltung\/wp-content\/uploads\/2022\/08\/Sphagnum-Moos-zur-Ueberwinterung-von-Landschildkroeten.png 640w\" sizes=\"auto, (max-width: 150px) 100vw, 150px\" \/><\/a>\n\t\t\t<\/dt>\n\t\t\t\t<dd class='wp-caption-text gallery-caption' id='gallery-1-18133'>\n\t\t\t\tSphagnum Moos zur \u00dcberwinterung von Landschildkr\u00f6ten\n\t\t\t\t<\/dd><\/dl>\n\t\t\t<br style='clear: both' \/>\n\t\t<\/div>\n\n<p><strong>Hinweis<\/strong>: Sphagnum steht in Deutschland unter Naturschutz und darf nicht eingesammelt werden.<br \/>\n<\/div>\n","protected":false},"excerpt":{"rendered":"","protected":false},"author":1,"featured_media":18134,"parent":0,"menu_order":0,"comment_status":"closed","ping_status":"closed","template":"","meta":{"_exactmetrics_skip_tracking":false,"_exactmetrics_sitenote_active":false,"_exactmetrics_sitenote_note":"","_exactmetrics_sitenote_category":0,"footnotes":""},"class_list":["post-2987","page","type-page","status-publish","has-post-thumbnail","hentry"],"aioseo_notices":[],"publishpress_future_action":{"enabled":false,"date":"2026-05-05 08:13:56","action":"change-status","newStatus":"draft","terms":[],"taxonomy":"","extraData":[]},"publishpress_future_workflow_manual_trigger":{"enabledWorkflows":[]},"_links":{"self":[{"href":"https:\/\/www.xn--landschildkrte-6pb.de\/haltung\/wp-json\/wp\/v2\/pages\/2987","targetHints":{"allow":["GET"]}}],"collection":[{"href":"https:\/\/www.xn--landschildkrte-6pb.de\/haltung\/wp-json\/wp\/v2\/pages"}],"about":[{"href":"https:\/\/www.xn--landschildkrte-6pb.de\/haltung\/wp-json\/wp\/v2\/types\/page"}],"author":[{"embeddable":true,"href":"https:\/\/www.xn--landschildkrte-6pb.de\/haltung\/wp-json\/wp\/v2\/users\/1"}],"replies":[{"embeddable":true,"href":"https:\/\/www.xn--landschildkrte-6pb.de\/haltung\/wp-json\/wp\/v2\/comments?post=2987"}],"version-history":[{"count":15,"href":"https:\/\/www.xn--landschildkrte-6pb.de\/haltung\/wp-json\/wp\/v2\/pages\/2987\/revisions"}],"predecessor-version":[{"id":18365,"href":"https:\/\/www.xn--landschildkrte-6pb.de\/haltung\/wp-json\/wp\/v2\/pages\/2987\/revisions\/18365"}],"wp:featuredmedia":[{"embeddable":true,"href":"https:\/\/www.xn--landschildkrte-6pb.de\/haltung\/wp-json\/wp\/v2\/media\/18134"}],"wp:attachment":[{"href":"https:\/\/www.xn--landschildkrte-6pb.de\/haltung\/wp-json\/wp\/v2\/media?parent=2987"}],"curies":[{"name":"wp","href":"https:\/\/api.w.org\/{rel}","templated":true}]}}