{"id":3058,"date":"2017-08-17T06:09:25","date_gmt":"2017-08-17T06:09:25","guid":{"rendered":"http:\/\/www.landschildkroeten.de\/haltung\/?page_id=3058"},"modified":"2023-03-22T07:17:40","modified_gmt":"2023-03-22T07:17:40","slug":"koehlerschildkroete-geochelone-carbonaria","status":"publish","type":"page","link":"https:\/\/www.xn--landschildkrte-6pb.de\/haltung\/koehlerschildkroete-geochelone-carbonaria\/","title":{"rendered":"K\u00f6hlerschildkr\u00f6te &#8211; Geochelone carbonaria"},"content":{"rendered":"<div class=\"extra-wrap block_7\">Die K\u00f6hlerschildkr\u00f6te ist eine relativ gro\u00dfe Schildkr\u00f6tenart (bis 50 cm) und ist vor allem im tropischen Regenwald S\u00fcdamerikas aber auch in Savannengebieten anzutreffen. In ihrem Verbreitungsgebiet betragen die Temperaturen durchschnittlich 26-28 Grad. Die Luftfeuchtigkeit in ihrem Lebensraum ist sehr hoch und betr\u00e4gt bis zu 95%.<br \/><a href=\"https:\/\/www.xn--landschildkrte-6pb.de\/haltung\/wp-content\/uploads\/2017\/08\/K\u00f6hlerschildkr\u00f6te.jpg\"><img loading=\"lazy\" decoding=\"async\" class=\"alignnone size-full wp-image-3059\" src=\"https:\/\/www.xn--landschildkrte-6pb.de\/haltung\/wp-content\/uploads\/2017\/08\/K\u00f6hlerschildkr\u00f6te.jpg\" alt=\"\" width=\"250\" height=\"176\" \/><\/a><\/p>\n<h3>Terrarium und Freilandanlage<\/h3>\n<p>Da die Tiere relativ gro\u00df werden, brauchen sie auch ein gro\u00dfes Terrarium, in welchem eine tropische Luftfeuchtigkeit hergestellt werden muss. Als Beleuchtung nimmt man am besten eine Lucky Reptile Bright Sun UV Desert mit 70 Watt:<br \/><a href=\"https:\/\/www.xn--schildkrten-yfb.net\/produkt\/lucky-reptile-bright-sun-uv-desert-70-w-komplettset-metalldampflampe-inklusive-passende-fassung-und-vorschaltgeraet\/\" title=\"Zur 70 Watt-Version der Lucky Reptile Bright Sun UV Desert\" class=\"btn btn-primary btn-normal btn-inline \" target=\"_blank\"><i class=\"icon-shopping-cart\"><\/i>Zur 70 Watt-Version der Lucky Reptile Bright Sun UV Desert<\/a><!-- .btn -->\n<p>Am Sonnenplatz sollten 40 Grad mit Hilfe der W\u00e4rmelampe erreicht werden.<\/p>\n<p>Es muss eine Badem\u00f6glichkeit im Terrarium sowie in der Freilandanlage vorhanden sein, denn die Tiere baden sehr gerne. Die Freilandanlage muss mindestens 25 qm gro\u00df sein, da die Tiere einen ausgepr\u00e4gten Bewegungsdrang haben. Es m\u00fcssen gen\u00fcgend Schattenm\u00f6glichkeiten vorhanden sein, da die Schildkr\u00f6ten im Regenwald auch nicht direkter Sonneneinstrahlung ausgesetzt sind. Die Umrandung muss aufgrund der Gr\u00f6\u00dfe der Tiere mindestens 60 cm hoch sein, damit sie nicht herausklettern k\u00f6nnen.<\/p>\n<h3>Winterruhe<\/h3>\n<p>Die K\u00f6hlerschildkr\u00f6te h\u00e4lt keine Winterruhe.<\/p>\n<h3>Ern\u00e4hrung<\/h3>\n<p><a href=\"https:\/\/www.xn--landschildkrte-6pb.de\/haltung\/wp-content\/uploads\/2017\/08\/Geochelone-carbonaria-Futter.jpg\"><img loading=\"lazy\" decoding=\"async\" class=\"alignnone size-full wp-image-3061\" src=\"https:\/\/www.xn--landschildkrte-6pb.de\/haltung\/wp-content\/uploads\/2017\/08\/Geochelone-carbonaria-Futter.jpg\" alt=\"\" width=\"272\" height=\"145\" \/><\/a><br \/>Die K\u00f6hlerschildkr\u00f6te sollte vorwiegend mit frischen Kr\u00e4utern (<a href=\"https:\/\/xn--schildkrten-yfb.de\/products\/loewenzahn-getrocknet\" target=\"_blank\" rel=\"noopener\">L\u00f6wenzahn<\/a>, Klee, <a href=\"https:\/\/xn--schildkrten-yfb.de\/products\/spitzwegerich-getrocknet\" target=\"_blank\" rel=\"noopener\">Spitzwegerich<\/a>, Breitwegerich, anderes Unkraut und Heu) gef\u00fcttert werden. Ab und zu sehr wenig Gem\u00fcse und einen halben Teel\u00f6ffel Trockenfutter schaden nicht. Auch an dieser Stelle empfehle ich, falls kein Heu gefressen wird, AGROBS:<br \/><a href=\"https:\/\/xn--schildkrten-yfb.de\/products\/agrobs-testudo-original-500\" title=\"Bestellung von Agrobs\" class=\"btn btn-primary btn-normal btn-inline \" target=\"_blank\"><i class=\"icon-shopping-cart\"><\/i>Bestellung von Agrobs<\/a><!-- .btn -->\n<h3>Zucht<\/h3>\n<p>\u00a0<\/p>\n\n\t\t<style type=\"text\/css\">\n\t\t\t#gallery-1 {\n\t\t\t\tmargin: auto;\n\t\t\t}\n\t\t\t#gallery-1 .gallery-item {\n\t\t\t\tfloat: left;\n\t\t\t\tmargin-top: 10px;\n\t\t\t\ttext-align: center;\n\t\t\t\twidth: 33%;\n\t\t\t}\n\t\t\t#gallery-1 img {\n\t\t\t\tborder: 2px solid #cfcfcf;\n\t\t\t}\n\t\t\t#gallery-1 .gallery-caption {\n\t\t\t\tmargin-left: 0;\n\t\t\t}\n\t\t\t\/* see gallery_shortcode() in wp-includes\/media.php *\/\n\t\t<\/style>\n\t\t<div id='gallery-1' class='gallery galleryid-3058 gallery-columns-3 gallery-size-thumbnail'><dl class='gallery-item'>\n\t\t\t<dt class='gallery-icon landscape'>\n\t\t\t\t<a href='https:\/\/www.xn--landschildkrte-6pb.de\/haltung\/koehlerschildkroete-geochelone-carbonaria\/attachment\/geochelone-carbonaria-mit-jungtieren-2\/'><img loading=\"lazy\" decoding=\"async\" width=\"150\" height=\"150\" src=\"https:\/\/www.xn--landschildkrte-6pb.de\/haltung\/wp-content\/uploads\/2021\/12\/Geochelone-carbonaria-mit-Jungtieren-150x150.jpg\" class=\"attachment-thumbnail size-thumbnail\" alt=\"\" aria-describedby=\"gallery-1-13789\" \/><\/a>\n\t\t\t<\/dt>\n\t\t\t\t<dd class='wp-caption-text gallery-caption' id='gallery-1-13789'>\n\t\t\t\tGeochelone carbonaria mit Jungtieren\n\t\t\t\t<\/dd><\/dl><dl class='gallery-item'>\n\t\t\t<dt class='gallery-icon landscape'>\n\t\t\t\t<a href='https:\/\/www.xn--landschildkrte-6pb.de\/haltung\/koehlerschildkroete-geochelone-carbonaria\/attachment\/dav-35\/'><img loading=\"lazy\" decoding=\"async\" width=\"150\" height=\"150\" src=\"https:\/\/www.xn--landschildkrte-6pb.de\/haltung\/wp-content\/uploads\/2021\/12\/Koehlerschildkroete-Nachzucht-150x150.jpg\" class=\"attachment-thumbnail size-thumbnail\" alt=\"\" aria-describedby=\"gallery-1-13787\" \/><\/a>\n\t\t\t<\/dt>\n\t\t\t\t<dd class='wp-caption-text gallery-caption' id='gallery-1-13787'>\n\t\t\t\tK\u00f6hlerschildkr\u00f6te Nachzucht\n\t\t\t\t<\/dd><\/dl><dl class='gallery-item'>\n\t\t\t<dt class='gallery-icon landscape'>\n\t\t\t\t<a href='https:\/\/www.xn--landschildkrte-6pb.de\/haltung\/abstimmung-foto-des-jahres-2020\/attachment\/d09fe37d-5085-469a-b133-02f5aebf2907\/'><img loading=\"lazy\" decoding=\"async\" width=\"150\" height=\"150\" src=\"https:\/\/www.xn--landschildkrte-6pb.de\/haltung\/wp-content\/uploads\/2020\/09\/D09FE37D-5085-469A-B133-02F5AEBF2907-150x150.jpeg\" class=\"attachment-thumbnail size-thumbnail\" alt=\"K\u00f6hlerschildkr\u00f6ten beim fressen\" aria-describedby=\"gallery-1-10168\" srcset=\"https:\/\/www.xn--landschildkrte-6pb.de\/haltung\/wp-content\/uploads\/2020\/09\/D09FE37D-5085-469A-B133-02F5AEBF2907-150x150.jpeg 150w, https:\/\/www.xn--landschildkrte-6pb.de\/haltung\/wp-content\/uploads\/2020\/09\/D09FE37D-5085-469A-B133-02F5AEBF2907-scaled-80x80.jpeg 80w\" sizes=\"auto, (max-width: 150px) 100vw, 150px\" \/><\/a>\n\t\t\t<\/dt>\n\t\t\t\t<dd class='wp-caption-text gallery-caption' id='gallery-1-10168'>\n\t\t\t\tK\u00f6hlerschildkr\u00f6ten beim fressen\n\t\t\t\t<\/dd><\/dl><br style=\"clear: both\" \/><dl class='gallery-item'>\n\t\t\t<dt class='gallery-icon landscape'>\n\t\t\t\t<a href='https:\/\/www.xn--landschildkrte-6pb.de\/haltung\/koehlerschildkroeten-zu-verkaufen\/'><img loading=\"lazy\" decoding=\"async\" width=\"150\" height=\"150\" src=\"https:\/\/www.xn--landschildkrte-6pb.de\/haltung\/wp-content\/uploads\/2020\/10\/Koehlerschildkroeten-zu-verkaufen-150x150.jpg\" class=\"attachment-thumbnail size-thumbnail\" alt=\"\" aria-describedby=\"gallery-1-10618\" \/><\/a>\n\t\t\t<\/dt>\n\t\t\t\t<dd class='wp-caption-text gallery-caption' id='gallery-1-10618'>\n\t\t\t\tK\u00f6hlerschildkr\u00f6ten beim Fressen\n\t\t\t\t<\/dd><\/dl><dl class='gallery-item'>\n\t\t\t<dt class='gallery-icon landscape'>\n\t\t\t\t<a href='https:\/\/www.xn--landschildkrte-6pb.de\/haltung\/koehlerschildkroeten-2\/'><img loading=\"lazy\" decoding=\"async\" width=\"150\" height=\"150\" src=\"https:\/\/www.xn--landschildkrte-6pb.de\/haltung\/wp-content\/uploads\/2021\/10\/Koehlerschildkroeten-150x150.jpg\" class=\"attachment-thumbnail size-thumbnail\" alt=\"\" aria-describedby=\"gallery-1-13211\" \/><\/a>\n\t\t\t<\/dt>\n\t\t\t\t<dd class='wp-caption-text gallery-caption' id='gallery-1-13211'>\n\t\t\t\tK\u00f6hlerschildkr\u00f6ten im Terrarium\n\t\t\t\t<\/dd><\/dl>\n\t\t\t<br style='clear: both' \/>\n\t\t<\/div>\n\n<p>Die <a href=\"https:\/\/www.xn--landschildkrte-6pb.de\/die-zucht-und-inkubation-von-griechischen-landschildkroeten-testudo-hermanni-boettgeri\/\">Zucht<\/a> ist wie man sieht schon mehrfach gelungen. Die Gelege umfassen bis zu 15 Eier. Die Eier werden in Vermiculite bei Temperaturen von 25-30 Grad und einer hohen Substratfeuchtigkeit bebr\u00fctet. Nach 116 bis 185 Tagen schl\u00fcpfen laut Gunther K\u00f6hler die Jungtiere.<\/p>\n<a href=\"https:\/\/www.xn--schildkrten-yfb.net\/produkt\/vermiculit-brutsubstrat-fuer-schildkroeteneier-0-4-mm-4-l\/\" title=\"Vermiculit Brutsubstrat f\u00fcr Schildkr\u00f6teneier kaufen\" class=\"btn btn-primary btn-normal btn-inline \" target=\"_blank\"><i class=\"icon-shopping-cart\"><\/i>Vermiculit Brutsubstrat f\u00fcr Schildkr\u00f6teneier kaufen<\/a><!-- .btn -->\n<h3>Buchtipp<\/h3>\n<div id=\"attachment_13792\" style=\"width: 310px\" class=\"wp-caption alignleft\"><a href=\"https:\/\/xn--schildkrten-yfb.de\/products\/die-koehlerschildkroete-chelonoidis-carbonarius-von-ralf-czybulinski\" target=\"_blank\" rel=\"noopener\"><img loading=\"lazy\" decoding=\"async\" aria-describedby=\"caption-attachment-13792\" class=\"wp-image-13792 size-medium\" src=\"https:\/\/www.xn--landschildkrte-6pb.de\/haltung\/wp-content\/uploads\/2021\/12\/Buch-ueber-Koehlerschildkroeten-300x291.jpg\" alt=\"\" width=\"300\" height=\"291\" srcset=\"https:\/\/www.xn--landschildkrte-6pb.de\/haltung\/wp-content\/uploads\/2021\/12\/Buch-ueber-Koehlerschildkroeten-300x291.jpg 300w, https:\/\/www.xn--landschildkrte-6pb.de\/haltung\/wp-content\/uploads\/2021\/12\/Buch-ueber-Koehlerschildkroeten.jpg 540w\" sizes=\"auto, (max-width: 300px) 100vw, 300px\" \/><\/a><p id=\"caption-attachment-13792\" class=\"wp-caption-text\">Die K\u00f6hlerschildkr\u00f6te Chelonoidis carbonarius | von Ralf Czybulinski<\/p><\/div>\n\n<\/div>\n\n\n\n<div id=\"product-component-1640880311146\"><\/div>\n<script type=\"text\/javascript\">\n\/*<![CDATA[*\/\n(function () {\n  var scriptURL = 'https:\/\/sdks.shopifycdn.com\/buy-button\/latest\/buy-button-storefront.min.js';\n  if (window.ShopifyBuy) {\n    if (window.ShopifyBuy.UI) {\n      ShopifyBuyInit();\n    } else {\n      loadScript();\n    }\n  } else {\n    loadScript();\n  }\n  function loadScript() {\n    var script = document.createElement('script');\n    script.async = true;\n    script.src = scriptURL;\n    (document.getElementsByTagName('head')[0] || document.getElementsByTagName('body')[0]).appendChild(script);\n    script.onload = ShopifyBuyInit;\n  }\n  function ShopifyBuyInit() {\n    var client = ShopifyBuy.buildClient({\n      domain: 'schildkrotenshop.myshopify.com',\n      storefrontAccessToken: '47479665dc8e402ddefb36f780802909',\n    });\n    ShopifyBuy.UI.onReady(client).then(function (ui) {\n      ui.createComponent('product', {\n        id: '7532215435515',\n        node: document.getElementById('product-component-1640880311146'),\n        moneyFormat: '%E2%82%AC%7B%7Bamount_with_comma_separator%7D%7D',\n        options: {\n  \"product\": {\n    \"styles\": {\n      \"product\": {\n        \"@media (min-width: 601px)\": {\n          \"max-width\": \"calc(25% - 20px)\",\n          \"margin-left\": \"20px\",\n          \"margin-bottom\": \"50px\"\n        }\n      },\n      \"button\": {\n        \":hover\": {\n          \"background-color\": \"#8cad0e\"\n        },\n        \"background-color\": \"#9cc00f\",\n        \":focus\": {\n          \"background-color\": \"#8cad0e\"\n        }\n      }\n    },\n    \"buttonDestination\": \"modal\",\n    \"contents\": {\n      \"options\": false\n    },\n    \"text\": {\n      \"button\": \"Produktdetails\"\n    }\n  },\n  \"productSet\": {\n    \"styles\": {\n      \"products\": {\n        \"@media (min-width: 601px)\": {\n          \"margin-left\": \"-20px\"\n        }\n      }\n    }\n  },\n  \"modalProduct\": {\n    \"contents\": {\n      \"img\": false,\n      \"imgWithCarousel\": true,\n      \"button\": false,\n      \"buttonWithQuantity\": true\n    },\n    \"styles\": {\n      \"product\": {\n        \"@media (min-width: 601px)\": {\n          \"max-width\": \"100%\",\n          \"margin-left\": \"0px\",\n          \"margin-bottom\": \"0px\"\n        }\n      },\n      \"button\": {\n        \":hover\": {\n          \"background-color\": \"#8cad0e\"\n        },\n        \"background-color\": \"#9cc00f\",\n        \":focus\": {\n          \"background-color\": \"#8cad0e\"\n        }\n      }\n    },\n    \"text\": {\n      \"button\": \"Warenkorb\"\n    }\n  },\n  \"option\": {},\n  \"cart\": {\n    \"styles\": {\n      \"button\": {\n        \":hover\": {\n          \"background-color\": \"#8cad0e\"\n        },\n        \"background-color\": \"#9cc00f\",\n        \":focus\": {\n          \"background-color\": \"#8cad0e\"\n        }\n      }\n    },\n    \"text\": {\n      \"title\": \"Warenkorb\",\n      \"total\": \"Preis\",\n      \"empty\": \"Dein Warenkorb ist leer.\",\n      \"notice\": \"Versandkosten werden im n\u00e4chsten Schritt berechnet.\",\n      \"button\": \"Zahlung\",\n      \"noteDescription\": \"Bestellhinweis \/ Anmerkung\"\n    },\n    \"popup\": false\n  },\n  \"toggle\": {\n    \"styles\": {\n      \"toggle\": {\n        \"background-color\": \"#9cc00f\",\n        \":hover\": {\n          \"background-color\": \"#8cad0e\"\n        },\n        \":focus\": {\n          \"background-color\": \"#8cad0e\"\n        }\n      }\n    }\n  }\n},\n      });\n    });\n  }\n})();\n\/*]]>*\/\n<\/script>\n","protected":false},"excerpt":{"rendered":"","protected":false},"author":1,"featured_media":10168,"parent":0,"menu_order":0,"comment_status":"closed","ping_status":"closed","template":"","meta":{"_exactmetrics_skip_tracking":false,"_exactmetrics_sitenote_active":false,"_exactmetrics_sitenote_note":"","_exactmetrics_sitenote_category":0,"footnotes":""},"class_list":["post-3058","page","type-page","status-publish","has-post-thumbnail","hentry"],"aioseo_notices":[],"publishpress_future_action":{"enabled":false,"date":"2026-04-29 11:55:17","action":"change-status","newStatus":"draft","terms":[],"taxonomy":"","extraData":[]},"publishpress_future_workflow_manual_trigger":{"enabledWorkflows":[]},"_links":{"self":[{"href":"https:\/\/www.xn--landschildkrte-6pb.de\/haltung\/wp-json\/wp\/v2\/pages\/3058","targetHints":{"allow":["GET"]}}],"collection":[{"href":"https:\/\/www.xn--landschildkrte-6pb.de\/haltung\/wp-json\/wp\/v2\/pages"}],"about":[{"href":"https:\/\/www.xn--landschildkrte-6pb.de\/haltung\/wp-json\/wp\/v2\/types\/page"}],"author":[{"embeddable":true,"href":"https:\/\/www.xn--landschildkrte-6pb.de\/haltung\/wp-json\/wp\/v2\/users\/1"}],"replies":[{"embeddable":true,"href":"https:\/\/www.xn--landschildkrte-6pb.de\/haltung\/wp-json\/wp\/v2\/comments?post=3058"}],"version-history":[{"count":13,"href":"https:\/\/www.xn--landschildkrte-6pb.de\/haltung\/wp-json\/wp\/v2\/pages\/3058\/revisions"}],"predecessor-version":[{"id":19945,"href":"https:\/\/www.xn--landschildkrte-6pb.de\/haltung\/wp-json\/wp\/v2\/pages\/3058\/revisions\/19945"}],"wp:featuredmedia":[{"embeddable":true,"href":"https:\/\/www.xn--landschildkrte-6pb.de\/haltung\/wp-json\/wp\/v2\/media\/10168"}],"wp:attachment":[{"href":"https:\/\/www.xn--landschildkrte-6pb.de\/haltung\/wp-json\/wp\/v2\/media?parent=3058"}],"curies":[{"name":"wp","href":"https:\/\/api.w.org\/{rel}","templated":true}]}}