{"id":3068,"date":"2017-08-17T06:20:49","date_gmt":"2017-08-17T06:20:49","guid":{"rendered":"http:\/\/www.landschildkroeten.de\/haltung\/?page_id=3068"},"modified":"2023-04-11T12:28:59","modified_gmt":"2023-04-11T12:28:59","slug":"carolina-dosenschildkroete-terrapene-carolina-carolina","status":"publish","type":"page","link":"https:\/\/www.xn--landschildkrte-6pb.de\/haltung\/carolina-dosenschildkroete-terrapene-carolina-carolina\/","title":{"rendered":"Carolina-Dosenschildkr\u00f6te &#8211; Terrapene carolina carolina"},"content":{"rendered":"<div class=\"extra-wrap block_7\">\nDie Dosenschildkr\u00f6ten waren noch in den 70er Jahren seltene Rarit\u00e4ten, bis das Einfuhrverbot f\u00fcr die Griechischen Landschildkr\u00f6ten eingef\u00fchrt wurde. Ab dann wurde als \"Ersatz\" die Dosenschildkr\u00f6te als Landschildkr\u00f6te importiert, was nat\u00fcrlich nicht gut gehen konnte, da sich dike Lebensbedingungen total unterscheiden und bald waren die Terrapene als heikel und hinf\u00e4llig verschrieen. Die n\u00e4chste \u00c4nderung trat nach Einf\u00fchrung der restriktiven Schutzbestimmungen (Anfang der 90er Jahre) in den USA ein; pl\u00f6tzlich waren die meist farbenpr\u00e4chtigen Reptilien wieder begehrte Rarit\u00e4ten geworden, auf deren spezielle Haltungsbedingungen sich nur wenige Halter eingestellt hatten, so dass die Nachfrage heute nicht gedeckt werden kann.<\/p>\n<p><a href=\"https:\/\/www.xn--landschildkrte-6pb.de\/haltung\/wp-content\/uploads\/2017\/08\/Carolina-Dosenschildkr\u00f6te.jpg\"><img loading=\"lazy\" decoding=\"async\" class=\"alignnone size-full wp-image-3069\" src=\"https:\/\/www.xn--landschildkrte-6pb.de\/haltung\/wp-content\/uploads\/2017\/08\/Carolina-Dosenschildkr\u00f6te.jpg\" alt=\"\" width=\"350\" height=\"217\" srcset=\"https:\/\/www.xn--landschildkrte-6pb.de\/haltung\/wp-content\/uploads\/2017\/08\/Carolina-Dosenschildkr\u00f6te.jpg 350w, https:\/\/www.xn--landschildkrte-6pb.de\/haltung\/wp-content\/uploads\/2017\/08\/Carolina-Dosenschildkr\u00f6te-300x186.jpg 300w\" sizes=\"auto, (max-width: 350px) 100vw, 350px\" \/><\/a><br \/>\nDer Carapax der Carolina-Dosenschildkr\u00f6te ist br\u00e4unlich bibeckes hornfarben und meist mit sehr variablen gelben bis orange Flecken, Strahlenmustern, Tupfern und Strichen versehen und erreicht eine L\u00e4nge von 12 bis 16,5 cm. Das gr\u00f6\u00dfte je gefundene Exemplar ma\u00df 21,6 cm, dies ist jedoch eine seltene Ausnahme.<\/p>\n<p><img loading=\"lazy\" decoding=\"async\" class=\"aligncenter size-large wp-image-5987\" src=\"https:\/\/www.xn--landschildkrte-6pb.de\/haltung\/wp-content\/uploads\/2018\/02\/Carolina-Dosenschildkr\u00f6te-1024x698.jpg\" alt=\"\" width=\"604\" height=\"412\" srcset=\"https:\/\/www.xn--landschildkrte-6pb.de\/haltung\/wp-content\/uploads\/2018\/02\/Carolina-Dosenschildkr\u00f6te-1024x698.jpg 1024w, https:\/\/www.xn--landschildkrte-6pb.de\/haltung\/wp-content\/uploads\/2018\/02\/Carolina-Dosenschildkr\u00f6te-300x205.jpg 300w, https:\/\/www.xn--landschildkrte-6pb.de\/haltung\/wp-content\/uploads\/2018\/02\/Carolina-Dosenschildkr\u00f6te-768x524.jpg 768w, https:\/\/www.xn--landschildkrte-6pb.de\/haltung\/wp-content\/uploads\/2018\/02\/Carolina-Dosenschildkr\u00f6te.jpg 1280w\" sizes=\"auto, (max-width: 604px) 100vw, 604px\" \/><br \/>\nDas Plastron ist hell- bis dunkelbraun, oft mit dunklen Tupfen, Flecken oder Strahlenmuster gezeichnet, an den Vorderbeinen und am Kopf findet man gelbe, rote und orange Flecken, besonders m\u00e4nnliche Tiere k\u00f6nnen sehr attraktiv gef\u00e4rbt sein und geh\u00f6ren wie die Unterart Terrapene carolina triunguis zu den farbenpr\u00e4chtigsten Sumpfschildkr\u00f6ten. An den Hinterf\u00fc\u00dfen befinden sich in der Regel vier Zehen. Plastron des M\u00e4nnchens ist zumeist nur schwach bis nicht konkav gew\u00f6lbt. Die M\u00e4nnchen besitzen derbere, kr\u00e4ftige Hinterklauen, zum Einhaken in den weiblichen Plastron bei der Paarung.<br \/>\nM\u00e4nnchen haben einen kr\u00e4ftigeren und l\u00e4ngeren Schwanz. Die Iris ist oft bei M\u00e4nnchen rot gef\u00e4rbt, bei Weibchen gelb oder dunkel. Dies ist aber trotz manchmal gegenteiliger Behauptung, oder in vielen B\u00fcchern dargelegt, kein sicheres Unterscheidungsmerkmal.<br \/>\nWie der Trivialname schon sagt, kann der Panzer komplett mittels Scharnier am Kopf- und Schwanzende bei Gefahr verschlossen werden. In menschlicher Obhut kommt dies aber so gut wie nie vor, selbstaufgezogene Nachzuchten geh\u00f6ren zu den zahmsten und neugierigsten Reptilien \u00fcberhaupt.<\/p>\n<h3>Vorkommen<\/h3>\n<p>USA, s\u00fcdliches Maine s\u00fcdw\u00e4rts bis S\u00fcd-Georgia und Nord-Alabama, westw\u00e4rts bis Zentral-Michigan und S\u00fcd-Wisconsin, ab hier s\u00fcdw\u00e4rts bis S\u00fcd-Illinois, Kentucky, Tennessee und Nord-Ost-Mississippi. Einige isolierte Funde wurden in New York und dem Westen Kansas bekannt. Da sie ein beliebtes Haustier in den USA ist, sind die Funde auf z.B. Hawaii, Guam und Kalifornien mit Sicherheit eingeschleppt.<\/p>\n<p><img loading=\"lazy\" decoding=\"async\" class=\"aligncenter size-large wp-image-5990\" src=\"https:\/\/www.xn--landschildkrte-6pb.de\/haltung\/wp-content\/uploads\/2018\/02\/\u00d6stliche-Dosenschildkr\u00f6te-1024x891.jpg\" alt=\"\" width=\"604\" height=\"526\" srcset=\"https:\/\/www.xn--landschildkrte-6pb.de\/haltung\/wp-content\/uploads\/2018\/02\/\u00d6stliche-Dosenschildkr\u00f6te-1024x891.jpg 1024w, https:\/\/www.xn--landschildkrte-6pb.de\/haltung\/wp-content\/uploads\/2018\/02\/\u00d6stliche-Dosenschildkr\u00f6te-300x261.jpg 300w, https:\/\/www.xn--landschildkrte-6pb.de\/haltung\/wp-content\/uploads\/2018\/02\/\u00d6stliche-Dosenschildkr\u00f6te-768x668.jpg 768w, https:\/\/www.xn--landschildkrte-6pb.de\/haltung\/wp-content\/uploads\/2018\/02\/\u00d6stliche-Dosenschildkr\u00f6te.jpg 1920w\" sizes=\"auto, (max-width: 604px) 100vw, 604px\" \/><\/p>\n<h3>Lebensraum<\/h3>\n<p>Carolina-Dosenschildkr\u00f6te leben an Waldr\u00e4ndern und lichten W\u00e4ldern, Wiesen, Feuchtwiesen und Sumpfgebieten, entlang von B\u00e4chen und Gr\u00e4ben.<\/p>\n<p><img loading=\"lazy\" decoding=\"async\" class=\"aligncenter size-large wp-image-5991\" src=\"https:\/\/www.xn--landschildkrte-6pb.de\/haltung\/wp-content\/uploads\/2018\/02\/\u00d6stliche-Dosenschildkr\u00f6te-Terrapene-Carolina-1024x774.jpg\" alt=\"\" width=\"604\" height=\"457\" srcset=\"https:\/\/www.xn--landschildkrte-6pb.de\/haltung\/wp-content\/uploads\/2018\/02\/\u00d6stliche-Dosenschildkr\u00f6te-Terrapene-Carolina-1024x774.jpg 1024w, https:\/\/www.xn--landschildkrte-6pb.de\/haltung\/wp-content\/uploads\/2018\/02\/\u00d6stliche-Dosenschildkr\u00f6te-Terrapene-Carolina-300x227.jpg 300w, https:\/\/www.xn--landschildkrte-6pb.de\/haltung\/wp-content\/uploads\/2018\/02\/\u00d6stliche-Dosenschildkr\u00f6te-Terrapene-Carolina-768x580.jpg 768w, https:\/\/www.xn--landschildkrte-6pb.de\/haltung\/wp-content\/uploads\/2018\/02\/\u00d6stliche-Dosenschildkr\u00f6te-Terrapene-Carolina-200x150.jpg 200w, https:\/\/www.xn--landschildkrte-6pb.de\/haltung\/wp-content\/uploads\/2018\/02\/\u00d6stliche-Dosenschildkr\u00f6te-Terrapene-Carolina.jpg 1280w\" sizes=\"auto, (max-width: 604px) 100vw, 604px\" \/><\/p>\n<h3>Lebensweise<\/h3>\n<p><a href=\"https:\/\/www.xn--landschildkrte-6pb.de\/haltung\/wp-content\/uploads\/2017\/08\/Terrapene-carolina-carolina-auf-dem-R\u00fccken.jpg\"><img loading=\"lazy\" decoding=\"async\" class=\"alignnone size-full wp-image-3070\" src=\"https:\/\/www.xn--landschildkrte-6pb.de\/haltung\/wp-content\/uploads\/2017\/08\/Terrapene-carolina-carolina-auf-dem-R\u00fccken.jpg\" alt=\"\" width=\"380\" height=\"246\" srcset=\"https:\/\/www.xn--landschildkrte-6pb.de\/haltung\/wp-content\/uploads\/2017\/08\/Terrapene-carolina-carolina-auf-dem-R\u00fccken.jpg 380w, https:\/\/www.xn--landschildkrte-6pb.de\/haltung\/wp-content\/uploads\/2017\/08\/Terrapene-carolina-carolina-auf-dem-R\u00fccken-300x194.jpg 300w\" sizes=\"auto, (max-width: 380px) 100vw, 380px\" \/><\/a><br \/>\nDie Tiere nutzen die morgendliche und abendliche K\u00fchle (und h\u00f6here Luftfeuchte), um auf Jagd zu gehen und f\u00fcr andere Aktivit\u00e4ten. Sie sind ungeschickte Schwimmer (keine Schwimmh\u00e4ute) und laufen auf dem Grund von Gew\u00e4ssern, kommen aber auch mit tiefen Gew\u00e4ssern gut zurecht. Sie sind Individualisten, jedes Tier hat eigene, charakteristische Lebensgewohnheiten und Lebensr\u00e4ume. Einige befinden sich z.B. fast nur im Wasser, w\u00e4hrend andere es nie aufsuchen.<\/p>\n<p>Carolina-Dosenschildkr\u00f6ten lieben warme Sommerregen, da dann zahlreiche Beutetiere zu finden sind. Sie sind eifrige und geschickte J\u00e4ger, die sich von allen Arten von Insekten und sonstigen Wirbellosen, bis hin zu Wirbeltieren, wie jungen M\u00e4usen, oder sogar jungen Schlangen ern\u00e4hren. Sie machen auf alles Jagd, was sie \u00fcberw\u00e4ltigen k\u00f6nnen. Aber auch pflanzliche Kost geh\u00f6rt zu ihrem Speiseplan dazu, so fressen sie im Herbst gerne Unmengen von Pilzen, auch giftige und sie lagern dieses Gift in ihrem Fettgewebe ein, so dass sie selbst giftig werden. Ich habe die Theorie, dass ihre auff\u00e4llige F\u00e4rbung in gewisser Weise schon eine Warnf\u00e4rbung f\u00fcr Fressfeinde darstellt, oder zumindest einen evolution\u00e4ren Schritt in diese Richtung.<\/p>\n<p>Wie oft in der Tierwelt zu beobachten, geh\u00f6ren die Beutegreifer unter den Tieren eher zu den intelligenteren, da sie in der Lage sein m\u00fcssen, gewisse Taktiken und Ma\u00dfnahmen zu ergreifen, um eine Beute zu erjagen, w\u00e4hrend das Futter der Pflanzenfresser nicht wegl\u00e4uft. Dies d\u00fcrfte der Grund daf\u00fcr sein, das Terrapene zu den faszinierensten Schildkr\u00f6ten \u00fcberhaupt geh\u00f6ren, da sie sehr zahm werden, sehr aktiv und au\u00dfergew\u00f6hnlich flink sind und fast eine pers\u00f6nliche Beziehung zum Pfleger aufbauen. Dar\u00fcber hinaus bestechen sie durch ihre starke Individualit\u00e4t, jedes Tier ist eine ganz eigene Pers\u00f6nlichkeit mit eigenen Vorlieben, was allgemeine Haltungsrichtlinien nat\u00fcrlich etwas erschwert und ein wenig Fingerspitzengef\u00fchle beim Halter voraussetzt...<br \/>\nTerrapene sind deshalb f\u00fcr Anf\u00e4nger wenig geeignet und sie sind vor allem keine Landschildkr\u00f6te f\u00fcr die Gartenhaltung, ohne geeignete Schutzmassnahmen. Sehr schnell kommt es sonst zu Infekten, besonders f\u00fcr Ohrabszesse und Konjunktividen ist Terrapene sehr anf\u00e4llig!<\/p>\n<h3>Haltung\/Zucht<\/h3>\n<p><a href=\"https:\/\/www.xn--landschildkrte-6pb.de\/haltung\/wp-content\/uploads\/2017\/08\/Zucht-von-Terrapene-carolina-carolina.jpg\"><img loading=\"lazy\" decoding=\"async\" class=\"alignnone size-full wp-image-3071\" src=\"https:\/\/www.xn--landschildkrte-6pb.de\/haltung\/wp-content\/uploads\/2017\/08\/Zucht-von-Terrapene-carolina-carolina.jpg\" alt=\"\" width=\"363\" height=\"319\" srcset=\"https:\/\/www.xn--landschildkrte-6pb.de\/haltung\/wp-content\/uploads\/2017\/08\/Zucht-von-Terrapene-carolina-carolina.jpg 363w, https:\/\/www.xn--landschildkrte-6pb.de\/haltung\/wp-content\/uploads\/2017\/08\/Zucht-von-Terrapene-carolina-carolina-300x264.jpg 300w\" sizes=\"auto, (max-width: 363px) 100vw, 363px\" \/><\/a><br \/>\nDie Art ben\u00f6tigt im Sommer zwingend einen Freilandaufenthalt, mit entsprechenden technischen Hilfen, um die im Vergleich zu den s\u00fcdlichen USA zu k\u00fchlen Sommer in Deutschland auszugleichen. In der \u00dcbergangszeit und zur Winterruhe ist dann eine ger\u00e4umige Terrarienhaltung zu gew\u00e4hrleisten. Unbedingt geh\u00f6rt zur Grundausstattung eine Badegelegenheit und Versteckm\u00f6glichkeiten wie zum Beispiel eine Korkh\u00f6hle:<\/p>\n<a href=\"https:\/\/www.xn--schildkrten-yfb.net\/produkt\/korktunnel-korkhoehle-halbbogen-unten-offen-30-cm-innenhoehe-%E2%89%A5-12-cm-gereinigt-desinfiziert-naturkorkrinde-als-unterschlupf-fuer-nagetiere-reptilien-voegel-100-korkrinde-natuerl\/\" title=\"Korkh\u00f6hle kaufen\" class=\"btn btn-primary btn-normal btn-inline \" target=\"_blank\"><i class=\"icon-shopping-cart\"><\/i>Korkh\u00f6hle kaufen<\/a><!-- .btn --><div class=\"hr\"><\/div><!-- .hr (end) -->\n<p>Als Untergrund empfiehlt sich stets feucht zu haltende Pinienborke, <a href=\"https:\/\/xn--schildkrten-yfb.de\/products\/linsor-schildkroetenerde-schildkroetensubstrat\" target=\"_blank\" rel=\"noopener\">Linsor Schildkr\u00f6tenerde<\/a>, Floragard Schildkr\u00f6tensubstrat oder \u00e4hnliche Rindenprodukte (z.B. REPTIBARK u.\u00e4.) auch feuchtes Kokossubstrat ist gut geeignet, verschmutzt aber das <a href=\"https:\/\/www.xn--schildkrten-yfb.net\/produkt\/wasserbecken\/\" target=\"_blank\" rel=\"noopener noreferrer\">Badebecken<\/a> st\u00e4rker:<\/p>\n<a href=\"https:\/\/xn--schildkrten-yfb.de\/products\/floragard-schildkroeten-substrat\" title=\"Bestellung Floragard Schildkr\u00f6tensubstrat\" class=\"btn btn-primary btn-normal btn-inline \" target=\"_blank\"><i class=\"icon-shopping-cart\"><\/i>Bestellung Floragard Schildkr\u00f6tensubstrat<\/a><!-- .btn -->\n<a href=\"https:\/\/xn--schildkrten-yfb.de\/products\/kokosfaser-substrat-kokosfaserhumus\" title=\"Kokosfasersubstrat f\u00fcr Schildkr\u00f6ten\" class=\"btn btn-primary btn-normal btn-inline \" target=\"_blank\"><i class=\"icon-shopping-cart\"><\/i>Kokosfasersubstrat f\u00fcr Schildkr\u00f6ten<\/a><!-- .btn --><div class=\"hr\"><\/div><!-- .hr (end) -->\n<p>Temperaturen im Sommer tags\u00fcber stets \u00fcber 23\u00b0C. Die weitere Einrichtung ergibt sich aus der Beschreibung des Lebensraumes. T\u00e4gliches, warmes \u00dcberspr\u00fchen lieben die Tiere.<\/p>\n<p>Als Beleuchtung eignet sich eine Lucky Reptile Bright Sun UV Desert:<\/p>\n<a href=\"https:\/\/www.xn--schildkrten-yfb.net\/produkt\/lucky-reptile-bright-sun-uv-desert-70-w-komplettset-metalldampflampe-inklusive-passende-fassung-und-vorschaltgeraet\/\" title=\"Lucky Reptile Bright Sun UV Desert bestellen\" class=\"btn btn-primary btn-normal btn-inline \" target=\"_blank\"><i class=\"icon-shopping-cart\"><\/i>Lucky Reptile Bright Sun UV Desert bestellen<\/a><!-- .btn --><div class=\"hr\"><\/div><!-- .hr (end) -->\n<p>Die F\u00fctterung ist absolut unproblematisch, gefressen wird eigentlich alles, so dass man eigentlich nur sch\u00e4dliches von geeignetem unterscheiden und die Menge regulieren muss. Als besonders geeignet haben sich Schildkr\u00f6tenpudding, Zophobas, Grillen und Heimchen und besonders nestjunge M\u00e4use erwiesen. Dazu geh\u00f6ren L\u00f6wenzahn, Rucola, Salat, diverse Wildkr\u00e4uter, seltener Obst und Pilze. Besonders bei M\u00e4usebabies geraten die Terrapene in einen regelrechten Jagd- und Blutrausch und man muss sehr aufpassen, dass jedes Tier seine Portion bekommt und sich nicht gegenseitig verletzt!<br \/>\nBei dieser Haltung schreiten die Tiere dann recht leicht zur Fortpflanzung Paarungen finden von Fr\u00fchjahr bis Herbst statt und manche M\u00e4nnchen muss man von den Weibchen trennen, da sie zu stark bedr\u00e4ngen. Von Mai bis Anfang August ist Eiablage-Zeit, es sind bis zu sechs Eiablagen m\u00f6glich. Nach etwa 65 bis 70 Tagen (je nach Temperatur) schl\u00fcpfen die 24-26 mm gro\u00dfen Jungtiere. Diese fressen bald kleine Insekten. Die Inkubation bereitet leider auch heute noch die gr\u00f6\u00dfte Herausforderung bei der Haltung in menschlicher Obhut. Das Problem liegt offensichtlich in der Substrat- und Luftfeuchtigkeit w\u00e4hrend der Inkubation.<\/p>\n<\/div>\n","protected":false},"excerpt":{"rendered":"","protected":false},"author":1,"featured_media":3069,"parent":0,"menu_order":0,"comment_status":"closed","ping_status":"closed","template":"","meta":{"_exactmetrics_skip_tracking":false,"_exactmetrics_sitenote_active":false,"_exactmetrics_sitenote_note":"","_exactmetrics_sitenote_category":0,"footnotes":""},"class_list":["post-3068","page","type-page","status-publish","has-post-thumbnail","hentry"],"aioseo_notices":[],"publishpress_future_action":{"enabled":false,"date":"2026-05-20 17:06:25","action":"change-status","newStatus":"draft","terms":[],"taxonomy":"","extraData":[]},"publishpress_future_workflow_manual_trigger":{"enabledWorkflows":[]},"_links":{"self":[{"href":"https:\/\/www.xn--landschildkrte-6pb.de\/haltung\/wp-json\/wp\/v2\/pages\/3068","targetHints":{"allow":["GET"]}}],"collection":[{"href":"https:\/\/www.xn--landschildkrte-6pb.de\/haltung\/wp-json\/wp\/v2\/pages"}],"about":[{"href":"https:\/\/www.xn--landschildkrte-6pb.de\/haltung\/wp-json\/wp\/v2\/types\/page"}],"author":[{"embeddable":true,"href":"https:\/\/www.xn--landschildkrte-6pb.de\/haltung\/wp-json\/wp\/v2\/users\/1"}],"replies":[{"embeddable":true,"href":"https:\/\/www.xn--landschildkrte-6pb.de\/haltung\/wp-json\/wp\/v2\/comments?post=3068"}],"version-history":[{"count":15,"href":"https:\/\/www.xn--landschildkrte-6pb.de\/haltung\/wp-json\/wp\/v2\/pages\/3068\/revisions"}],"predecessor-version":[{"id":20214,"href":"https:\/\/www.xn--landschildkrte-6pb.de\/haltung\/wp-json\/wp\/v2\/pages\/3068\/revisions\/20214"}],"wp:featuredmedia":[{"embeddable":true,"href":"https:\/\/www.xn--landschildkrte-6pb.de\/haltung\/wp-json\/wp\/v2\/media\/3069"}],"wp:attachment":[{"href":"https:\/\/www.xn--landschildkrte-6pb.de\/haltung\/wp-json\/wp\/v2\/media?parent=3068"}],"curies":[{"name":"wp","href":"https:\/\/api.w.org\/{rel}","templated":true}]}}