{"id":3228,"date":"2017-08-20T13:30:42","date_gmt":"2017-08-20T13:30:42","guid":{"rendered":"http:\/\/www.landschildkroeten.de\/haltung\/?page_id=3228"},"modified":"2023-03-20T11:19:37","modified_gmt":"2023-03-20T11:19:37","slug":"zu-schnelles-wachstum-und-zu-schwer","status":"publish","type":"page","link":"https:\/\/www.xn--landschildkrte-6pb.de\/haltung\/zu-schnelles-wachstum-und-zu-schwer\/","title":{"rendered":"Zu schnelles Wachstum und zu schwer"},"content":{"rendered":"<div class=\"extra-wrap block_7\">\n<strong>Ella schrieb:<\/strong><br \/>\nHallo!<br \/>\nHabe mir mal die Seite angeschaut (wirklich gut gemacht!) und musste feststellen, dass ich noch so vieles nicht gewusst habe (und das obwohl ich schon seit 2 Jahren 2 schildkr\u00f6ten habe).<br \/>\nVor allem ist das auch mal sch\u00f6n, dass jemand auf die Fragen anderer eingeht und einem versucht zu helfen.<br \/>\nIch wei\u00df teilweise n\u00e4mlich auch nicht, was ich meinen griechischen Landschildkr\u00f6ten geben kann und was f\u00fcr die gesund ist.<br \/>\nWas mir zum Beispiel sorgen macht ist dass die j\u00fcngere Schildkr\u00f6te viel zu schnell w\u00e4chst und einen krummen Panzer bekommt.<br \/>\nHabe die mal gewogen und beide wiegen zu viel f\u00fcr ihr Alter aber ich kann mir das nicht genau erkl\u00e4ren, weil die von mir haupts\u00e4chlich nur <a href=\"https:\/\/xn--schildkrten-yfb.de\/products\/loewenzahn-getrocknet\" target=\"_blank\" rel=\"noopener\">L\u00f6wenzahn<\/a>, Klee und so was bekommen. Vielleicht gebe ich denen ja zu viel? Oder ich sollte denen auch mal andere Pflanzen, die in der Liste stehen, anbieten. Habe zum Beispiel noch gar nicht gewusst, dass Hibiskus und andere Blumen, die bei uns im Garten wachsen auch gesund sind.<br \/>\nAber jetzt bin ich ja um einiges schlauer.<\/p>\n<p>So, und nachdem ich hier einen Roman verfasst habe (tut mir leid) , w\u00fcrde ich mich \u00fcber eine Antwort freuen \ud83d\ude42<\/p>\n<p>Liebe Gr\u00fc\u00dfe<\/p>\n<p><em>---Antwort---<br \/>\nHallo Ella,<br \/>\ndu hast das Problem vermutlich schon erkannt \ud83d\ude42<br \/>\nZu viel eiwei\u00dfreiche Nahrung wie L\u00f6wenzahn und Klee. Das sollte beides nur in Ma\u00dfen gef\u00fcttert werden.<br \/>\nEinseitige Ern\u00e4hrung, fehlende Freilandhaltung sowie fehlende Winterstarre sind Gr\u00fcnde f\u00fcr ein zu schnelles Wachstum. Vorbeugend ist es auch gut, <a href=\"https:\/\/www.xn--landschildkrte-6pb.de\/haltung\/agrobs\/\">Agrobs<\/a> zu f\u00fcttern:<\/em><\/p>\n<a href=\"https:\/\/xn--schildkrten-yfb.de\/products\/agrobs-testudo-original-500\" title=\"Agrobs im Schildkr\u00f6tenshop bestellen\" class=\"btn btn-primary btn-normal btn-inline \" target=\"_blank\"><i class=\"icon-shopping-cart\"><\/i>Agrobs im Schildkr\u00f6tenshop bestellen<\/a><!-- .btn --><div class=\"hr\"><\/div><!-- .hr (end) -->\n<h2>H\u00e4ufig gestellte Fragen \u00fcber das Wachstum von Schildkr\u00f6ten<\/h2>\n<h3>Wie schnell wachsen Landschildkr\u00f6ten?<\/h3>\n<p>Landschildkr\u00f6ten wachsen, wie alle Reptilien, <strong>ihr ganzes Leben lang<\/strong>. Die Wachstumsgeschwindigkeit verlangsamt sich allerdings mit den Jahren immer mehr, so dass Schildkr\u00f6ten mit etwa 25-30 Jahren fast ihre Endgr\u00f6\u00dfe erreicht haben. Eine Schildkr\u00f6te \u00fcber 30 Jahre w\u00e4chst nur noch so langsam, dass es kaum noch sichtbar ist.<\/p>\n<h3>Wie gro\u00df werden Landschildkr\u00f6ten?<\/h3>\n<p>Europ\u00e4ische Landschildkr\u00f6ten werden etwa <strong>20 bis 25 cm lang<\/strong>. Riesenschidkr\u00f6ten wie die Galapagos-Riesenschildkr\u00f6te beispielweise k\u00f6nnen sogar 180 cm gro\u00df werden. Weibchen werden bei allen Landschildkr\u00f6ten-Arten gr\u00f6\u00dfer als die M\u00e4nnchen.<\/p>\n<h3>Wie lange dauert es bis eine Landschildkr\u00f6te ausgewachsen ist?<\/h3>\n<p>Mit <strong>10-12 Jahren<\/strong> kann man eine Europ\u00e4ische Landschildkr\u00f6te als adult, also ausgewachsen bezeichnen, da sie dann die Geschlechtsreife erreicht hat. Sie hat dann etwa 2\/3 ihrer Endgr\u00f6\u00dfe erreicht. Das Wachstum einer Schildkr\u00f6te endet allerdings nie ganz. Sie w\u00e4chst ihr ganzes Leben lang.<\/p>\n<p><script type=\"application\/ld+json\">{\"@context\":\"https:\/\/schema.org\",\"@type\":\"FAQPage\",\"mainEntity\":[{\"@type\":\"Question\",\"name\":\"Wie schnell wachsen Landschildkr\u00f6ten?\",\"acceptedAnswer\":{\"@type\":\"Answer\",\"text\":\"<\/p>\n<p>Landschildkr\u00f6ten wachsen, wie alle Reptilien, <strong>ihr ganzes Leben lang<\/strong>. Die Wachstumsgeschwindigkeit verlangsamt sich allerdings mit den Jahren immer mehr, so dass Schildkr\u00f6ten mit etwa 25-30 Jahren fast ihre Endgr\u00f6\u00dfe erreicht haben. Eine Schildkr\u00f6te \u00fcber 30 Jahre w\u00e4chst nur noch so langsam, dass es kaum noch sichtbar ist.<\/p>\n<p>\"}},{\"@type\":\"Question\",\"name\":\"Wie gro\u00df werden Landschildkr\u00f6ten?\",\"acceptedAnswer\":{\"@type\":\"Answer\",\"text\":\"<\/p>\n<p>Europ\u00e4ische Landschildkr\u00f6ten werden etwa <strong>20 bis 25 cm lang<\/strong>. Riesenschidkr\u00f6ten wie die Galapagos-Riesenschildkr\u00f6te beispielweise k\u00f6nnen sogar 180 cm gro\u00df werden. Weibchen werden bei allen Landschildkr\u00f6ten-Arten gr\u00f6\u00dfer als die M\u00e4nnchen.<\/p>\n<p>\"}},{\"@type\":\"Question\",\"name\":\"Wie lange dauert es bis eine Landschildkr\u00f6te ausgewachsen ist?\",\"acceptedAnswer\":{\"@type\":\"Answer\",\"text\":\"<\/p>\n<p>Mit <strong>10-12 Jahren<\/strong> kann man eine Europ\u00e4ische Landschildkr\u00f6te als adult, also ausgewachsen bezeichnen, da sie dann die Geschlechtsreife erreicht hat. Sie hat dann etwa 2\/3 ihrer Endgr\u00f6\u00dfe erreicht. Das Wachstum einer Schildkr\u00f6te endet allerdings nie ganz. Sie w\u00e4chst ihr ganzes Leben lang.<\/p>\n<p>\"}}]}<\/script><br \/>\n<\/div>\n","protected":false},"excerpt":{"rendered":"","protected":false},"author":1,"featured_media":0,"parent":0,"menu_order":0,"comment_status":"closed","ping_status":"closed","template":"","meta":{"_exactmetrics_skip_tracking":false,"_exactmetrics_sitenote_active":false,"_exactmetrics_sitenote_note":"","_exactmetrics_sitenote_category":0,"footnotes":""},"class_list":["post-3228","page","type-page","status-publish","hentry"],"aioseo_notices":[],"publishpress_future_action":{"enabled":false,"date":"2026-05-01 09:49:27","action":"change-status","newStatus":"draft","terms":[],"taxonomy":"","extraData":[]},"publishpress_future_workflow_manual_trigger":{"enabledWorkflows":[]},"_links":{"self":[{"href":"https:\/\/www.xn--landschildkrte-6pb.de\/haltung\/wp-json\/wp\/v2\/pages\/3228","targetHints":{"allow":["GET"]}}],"collection":[{"href":"https:\/\/www.xn--landschildkrte-6pb.de\/haltung\/wp-json\/wp\/v2\/pages"}],"about":[{"href":"https:\/\/www.xn--landschildkrte-6pb.de\/haltung\/wp-json\/wp\/v2\/types\/page"}],"author":[{"embeddable":true,"href":"https:\/\/www.xn--landschildkrte-6pb.de\/haltung\/wp-json\/wp\/v2\/users\/1"}],"replies":[{"embeddable":true,"href":"https:\/\/www.xn--landschildkrte-6pb.de\/haltung\/wp-json\/wp\/v2\/comments?post=3228"}],"version-history":[{"count":9,"href":"https:\/\/www.xn--landschildkrte-6pb.de\/haltung\/wp-json\/wp\/v2\/pages\/3228\/revisions"}],"predecessor-version":[{"id":19879,"href":"https:\/\/www.xn--landschildkrte-6pb.de\/haltung\/wp-json\/wp\/v2\/pages\/3228\/revisions\/19879"}],"wp:attachment":[{"href":"https:\/\/www.xn--landschildkrte-6pb.de\/haltung\/wp-json\/wp\/v2\/media?parent=3228"}],"curies":[{"name":"wp","href":"https:\/\/api.w.org\/{rel}","templated":true}]}}