{"id":3295,"date":"2017-07-21T06:33:46","date_gmt":"2017-07-21T06:33:46","guid":{"rendered":"http:\/\/www.landschildkroeten.de\/haltung\/?page_id=3295"},"modified":"2022-03-06T06:42:38","modified_gmt":"2022-03-06T06:42:38","slug":"elstein-waermestrahler-und-beleuchtung-im-fruehbeet","status":"publish","type":"page","link":"https:\/\/www.xn--landschildkrte-6pb.de\/haltung\/elstein-waermestrahler-und-beleuchtung-im-fruehbeet\/","title":{"rendered":"Elstein-W\u00e4rmestrahler und Beleuchtung im Fr\u00fchbeet?"},"content":{"rendered":"<div class=\"extra-wrap block_7\">\nHallo Florian,<\/p>\n<p>f\u00fcr die nun doch schon k\u00e4lter werdenden Tage, an denen auch weniger Sonne scheint, m\u00f6chte ich in den Fr\u00fchbeetkasten meiner beiden griechischen Landschildkr\u00f6ten den Strahler \"Lucky Reptile Bright Sun UV Desert 70 Watt\" installieren. Wie lange sollte dieser tags\u00fcber brennen und in welchem Abstand soll die Lampe zum Boden aufgeh\u00e4ngt werden?<br \/>\nAu\u00dferdem m\u00f6chte ich noch wissen, ob nachts der Elstein-W\u00e4rmestrahler f\u00fcr das Fr\u00fchbeet (1m\u00b2) mit 150 Watt ausreicht und ob man diesen die ganze Nacht \u00fcber brennen lassen muss? Kann da nichts passieren, z. B. \u00dcberhitzung oder so? Sind noch ander HQI oder HQL-Strahler notwendig? Bitte um baldige Antwort! Vielen Dank schon mal.<\/p>\n<p>Lieben Gru\u00df<br \/>\nMargit<\/p>\n<p><em>---Antwort---<br \/>\nHallo Margit,<br \/>\nsieh dir mal diese Seite an, da ist alles genau erkl\u00e4rt:<\/em><\/p>\n<p><em><a href=\"https:\/\/www.xn--landschildkrte-6pb.de\/beleuchtung\/fruehbeet-technik-fuer-griechische-landschildkroeten\/\" title=\"Technik im Schildkr\u00f6ten Fr\u00fchbeet\" class=\"btn btn-primary btn-normal btn-inline \" target=\"_blank\"><i class=\"icon-arrow-right\"><\/i>Technik im Schildkr\u00f6ten Fr\u00fchbeet<\/a><!-- .btn --><\/em><\/p>\n<p><em>F\u00fcr den Au\u00dfeneinsatz im Fr\u00fchbeet ist der <a href=\"https:\/\/www.xn--schildkrten-yfb.de\/products\/waermelampe-par38\" target=\"_blank\" rel=\"noopener noreferrer\">PAR 38 Strahler<\/a> oder ein <a href=\"https:\/\/xn--schildkrten-yfb.de\/products\/waermelampe-spotstrahler-75-watt\" target=\"_blank\" rel=\"noopener\">Spotstrahler<\/a>\u00a0das Richtige. Die Bright Sun ist nur f\u00fcr den Einsatz im Terrarium gedacht. Aktuell kann der PAR 38 tags\u00fcber etwa 8 Stunden brennen. Bis zur Winterstarre hin wird die Beleuchtungsdauer dann immer weiter verk\u00fcrzt. Der Strahler h\u00e4ngt so tief, dass punktuell 35-40\u00b0C erreicht werden.<br \/>\nEin <a href=\"https:\/\/www.xn--schildkrten-yfb.net\/produkt\/hobby-37085-elstein-waermestrahler-iot-75-100-w\/\" target=\"_blank\" rel=\"noopener noreferrer\">100 Watt Elsteinstrahler<\/a> (alternativ unser <a href=\"https:\/\/xn--schildkrten-yfb.de\/products\/keramikheizstrahler-dunkelstrahler-infrarotstrahler-150-watt\" target=\"_blank\" rel=\"noopener\">Dunkelstrahler<\/a>) reicht aus. In Verbindung mit einem <a href=\"https:\/\/xn--schildkrten-yfb.de\/products\/thermo-timer-schildkroeten\" target=\"_blank\" rel=\"noopener\">Thermo Timer<\/a> kann man ihn so einstellen dass er sich nur bei weniger als 10\u00b0C einschaltet und dann wieder ausgeht - so kann nichts \u00fcberhitzen.<br \/>\nWeitere Strahler sind nicht notwendig. Mit dem PAR 38 \/ Spotstrahler und einem Elsteinstrahler \/ Dunkelstrahler bist du bestens ausgestattet.<\/em><\/p>\n<ol>\n<li><a href=\"https:\/\/www.xn--schildkrten-yfb.de\/products\/waermelampe-par38\" title=\"PAR38 W\u00e4rmelampe kaufen\" class=\"btn btn-primary btn-normal btn-inline \" target=\"_blank\"><i class=\"icon-shopping-cart\"><\/i>PAR38 W\u00e4rmelampe kaufen<\/a><!-- .btn --><\/li>\n<li><a href=\"https:\/\/xn--schildkrten-yfb.de\/products\/waermelampe-spotstrahler-75-watt\" title=\"Spotstrahler bestellen\" class=\"btn btn-primary btn-normal btn-inline \" target=\"_blank\"><i class=\"icon-shopping-cart\"><\/i>Spotstrahler bestellen<\/a><!-- .btn --><\/li>\n<li><a href=\"https:\/\/xn--schildkrten-yfb.de\/products\/thermo-timer-schildkroeten\" title=\"Bestellung Thermotimer\" class=\"btn btn-primary btn-normal btn-inline \" target=\"_blank\"><i class=\"icon-shopping-cart\"><\/i>Bestellung Thermotimer<\/a><!-- .btn --><\/li>\n<\/ol>\n<p><em>Gru\u00df<br \/>\nFlorian<\/em><br \/>\n<\/div>\n","protected":false},"excerpt":{"rendered":"","protected":false},"author":1,"featured_media":2779,"parent":0,"menu_order":0,"comment_status":"closed","ping_status":"closed","template":"","meta":{"_exactmetrics_skip_tracking":false,"_exactmetrics_sitenote_active":false,"_exactmetrics_sitenote_note":"","_exactmetrics_sitenote_category":0,"footnotes":""},"class_list":["post-3295","page","type-page","status-publish","has-post-thumbnail","hentry"],"aioseo_notices":[],"publishpress_future_action":{"enabled":false,"date":"2026-04-20 11:53:39","action":"change-status","newStatus":"draft","terms":[],"taxonomy":"","extraData":[]},"publishpress_future_workflow_manual_trigger":{"enabledWorkflows":[]},"_links":{"self":[{"href":"https:\/\/www.xn--landschildkrte-6pb.de\/haltung\/wp-json\/wp\/v2\/pages\/3295","targetHints":{"allow":["GET"]}}],"collection":[{"href":"https:\/\/www.xn--landschildkrte-6pb.de\/haltung\/wp-json\/wp\/v2\/pages"}],"about":[{"href":"https:\/\/www.xn--landschildkrte-6pb.de\/haltung\/wp-json\/wp\/v2\/types\/page"}],"author":[{"embeddable":true,"href":"https:\/\/www.xn--landschildkrte-6pb.de\/haltung\/wp-json\/wp\/v2\/users\/1"}],"replies":[{"embeddable":true,"href":"https:\/\/www.xn--landschildkrte-6pb.de\/haltung\/wp-json\/wp\/v2\/comments?post=3295"}],"version-history":[{"count":9,"href":"https:\/\/www.xn--landschildkrte-6pb.de\/haltung\/wp-json\/wp\/v2\/pages\/3295\/revisions"}],"predecessor-version":[{"id":15786,"href":"https:\/\/www.xn--landschildkrte-6pb.de\/haltung\/wp-json\/wp\/v2\/pages\/3295\/revisions\/15786"}],"wp:featuredmedia":[{"embeddable":true,"href":"https:\/\/www.xn--landschildkrte-6pb.de\/haltung\/wp-json\/wp\/v2\/media\/2779"}],"wp:attachment":[{"href":"https:\/\/www.xn--landschildkrte-6pb.de\/haltung\/wp-json\/wp\/v2\/media?parent=3295"}],"curies":[{"name":"wp","href":"https:\/\/api.w.org\/{rel}","templated":true}]}}