{"id":3329,"date":"2017-08-21T07:31:37","date_gmt":"2017-08-21T07:31:37","guid":{"rendered":"http:\/\/www.landschildkroeten.de\/haltung\/?page_id=3329"},"modified":"2021-12-24T08:59:01","modified_gmt":"2021-12-24T08:59:01","slug":"geschlechterverhaeltnis-maennchen-weibchen","status":"publish","type":"page","link":"https:\/\/www.xn--landschildkrte-6pb.de\/haltung\/geschlechterverhaeltnis-maennchen-weibchen\/","title":{"rendered":"Geschlechterverh\u00e4ltnis M\u00e4nnchen\/Weibchen?"},"content":{"rendered":"<div class=\"extra-wrap block_7\">\nHallo,<br \/>\nich wollte mir eine Schildkr\u00f6te anschaffen. ich setze mich auch viel mit Tieren auseinander und wollte vor dem Kauf auch noch ein Buch \u00fcber sie lesen. Aber wie ist es mit der Anzahl der Landschildkr\u00f6ten? Sollten sie alleine sein? M\u00e4nnchen und M\u00e4nnchen? Weibchen und M\u00e4nnchen? Weibchen und Weibchen?<br \/>\nWir haben im Garten viel Platz f\u00fcr sie, aber was wenn sie sich vermehren. Ich f\u00e4nde das nicht schlimm, aber ich wei\u00df nicht wie man daf\u00fcr sorgt, dass sie dann auch schl\u00fcpfen?<\/p>\n<p><em>---Antwort---<br \/>\nHallo Wiebke,<\/em><\/p>\n<p>ein sehr gutes Einsteigerbuch ist \"<a href=\"https:\/\/xn--schildkrten-yfb.de\/products\/fester-panzer-weiches-herz-buch-von-thorsten-geier-14-80\" target=\"_blank\" rel=\"noopener\">Fester Panzer - weiches Herz<\/a>\".<br \/>\nDeine Fragen zur Anzahl der Schildkr\u00f6ten und dem Geschlechterverh\u00e4ltnis findest du unter <a href=\"https:\/\/www.xn--landschildkrte-6pb.de\/einzelhaltung-sollte-man-landschildkroeten-einzeln-oder-zu-zweit-halten\/\">Einzelhaltung<\/a>.<\/p>\n<p><em>Gru\u00df<br \/>\nFlorian<\/em><br \/>\n<\/div>\n","protected":false},"excerpt":{"rendered":"","protected":false},"author":1,"featured_media":0,"parent":0,"menu_order":0,"comment_status":"closed","ping_status":"closed","template":"","meta":{"_exactmetrics_skip_tracking":false,"_exactmetrics_sitenote_active":false,"_exactmetrics_sitenote_note":"","_exactmetrics_sitenote_category":0,"footnotes":""},"class_list":["post-3329","page","type-page","status-publish","hentry"],"aioseo_notices":[],"publishpress_future_action":{"enabled":false,"date":"2026-05-01 12:39:20","action":"change-status","newStatus":"draft","terms":[],"taxonomy":"","extraData":[]},"publishpress_future_workflow_manual_trigger":{"enabledWorkflows":[]},"_links":{"self":[{"href":"https:\/\/www.xn--landschildkrte-6pb.de\/haltung\/wp-json\/wp\/v2\/pages\/3329","targetHints":{"allow":["GET"]}}],"collection":[{"href":"https:\/\/www.xn--landschildkrte-6pb.de\/haltung\/wp-json\/wp\/v2\/pages"}],"about":[{"href":"https:\/\/www.xn--landschildkrte-6pb.de\/haltung\/wp-json\/wp\/v2\/types\/page"}],"author":[{"embeddable":true,"href":"https:\/\/www.xn--landschildkrte-6pb.de\/haltung\/wp-json\/wp\/v2\/users\/1"}],"replies":[{"embeddable":true,"href":"https:\/\/www.xn--landschildkrte-6pb.de\/haltung\/wp-json\/wp\/v2\/comments?post=3329"}],"version-history":[{"count":6,"href":"https:\/\/www.xn--landschildkrte-6pb.de\/haltung\/wp-json\/wp\/v2\/pages\/3329\/revisions"}],"predecessor-version":[{"id":13701,"href":"https:\/\/www.xn--landschildkrte-6pb.de\/haltung\/wp-json\/wp\/v2\/pages\/3329\/revisions\/13701"}],"wp:attachment":[{"href":"https:\/\/www.xn--landschildkrte-6pb.de\/haltung\/wp-json\/wp\/v2\/media?parent=3329"}],"curies":[{"name":"wp","href":"https:\/\/api.w.org\/{rel}","templated":true}]}}