{"id":3348,"date":"2017-08-21T08:09:53","date_gmt":"2017-08-21T08:09:53","guid":{"rendered":"http:\/\/www.landschildkroeten.de\/haltung\/?page_id=3348"},"modified":"2021-12-24T08:59:56","modified_gmt":"2021-12-24T08:59:56","slug":"obst-fuettern-oder-nur-wildkraeuter","status":"publish","type":"page","link":"https:\/\/www.xn--landschildkrte-6pb.de\/haltung\/obst-fuettern-oder-nur-wildkraeuter\/","title":{"rendered":"Obst f\u00fcttern oder nur Wildkr\u00e4uter?"},"content":{"rendered":"<p>Hi ich schon wieder ; ) wir sind gerade dabei vorbereitungen zu treffen und viel zu recherchieren. doch leider wiedersprechen sich so einige sachen auf den verschiedenen internetseiten !!!einige schreiben man kann ruhig gem\u00fcse und auch abundzu obst f\u00fcttern einige sagen auf gar keinen fall das nur wildkr\u00e4uter!<br \/>\noft unterscheidet sich das auch mit dem verschiedenen temperaturen im <a href=\"https:\/\/www.xn--landschildkrte-6pb.de\/terrarium-fuer-landschildkroeten\/\">\u00fcbergangsterrarium<\/a>!<br \/>\nHast du vielleicht einen buchtipp oder einen rat was man glauben soll oder nicht?!?!?!?!<\/p>\n<p>DANKE SCHON MAL IM VORAUS<br \/>\ngru\u00df lilo<\/p>\n<p><em>---Anwort--<br \/>\nHallo Lilo,<br \/>\nes ist doch eigentlich ganz einfach: Im nat\u00fcrlichen Lebensraum von Landschildkr\u00f6ten wachsen weder Bananenpflanzen, Apfel- Kirsch- oder sonstige Obstb\u00e4ume. Ebenso wenig wie Tomatenstr\u00e4ucher oder Kopfsalat. Sie fressen dort ausschlie\u00dflich verschiedenste <a href=\"https:\/\/www.xn--landschildkrte-6pb.de\/schildkroetenshop\/wildkraeuter\/\">Wildkr\u00e4uter<\/a> und darauf ist ihr Darmtrakt nunmal ausgelegt. Obst und Gem\u00fcse ist sch\u00e4dlich. Die Ersteller von Internetseiten die anderes behaupten haben sich vermutlich nicht die geringsten Gedanken um eine artgerechte F\u00fctterung gemacht und noch nie ein Fachbuch \u00fcber Schildkr\u00f6ten gelesen.<br \/>\nZwei tolle B\u00fccher zur artgerechten Ern\u00e4hrung sind diese: \"<a href=\"https:\/\/xn--schildkrten-yfb.de\/products\/fester-panzer-weiches-herz-buch-von-thorsten-geier-14-80\" target=\"_blank\" rel=\"noopener\">Fester Panzer - weiches Herz<\/a>\" von Thorsten Geier. Und \"<a href=\"https:\/\/www.amazon.de\/exec\/obidos\/ASIN\/3980977439\/landschildksu-21\" target=\"_blank\" rel=\"noopener\">Futterpflanzen f\u00fcr Landschildkr\u00f6ten<\/a>\" von Wolfgang Wegehaupt.<\/em><\/p>\n<p>F\u00fcr die Temperaturen gilt das gleiche. Schau dir einfach die aktuellen Temperaturen des Verbreitungsgebietes deiner Schildkr\u00f6tenart an und stell diese nach \ud83d\ude42<\/p>\n<p>Hier steht alles zum Thema Ern\u00e4hrung von Schildkr\u00f6ten: <a href=\"https:\/\/www.xn--landschildkrte-6pb.de\/ernaehrung\/was-fressen-schildkroeten-ernaehrung-von-landschildkroeten\/\">https:\/\/www.xn--landschildkrte-6pb.de\/schildkroeten-ernaehrung\/<\/a><\/p>\n<p><em>Gru\u00df<br \/>\nFlorian<\/em><\/p>\n","protected":false},"excerpt":{"rendered":"<p>Hi ich schon wieder ; ) wir sind gerade dabei vorbereitungen zu treffen und viel zu recherchieren. doch leider wiedersprechen sich so einige sachen auf den verschiedenen internetseiten !!!einige schreiben man kann ruhig gem\u00fcse und auch abundzu obst f\u00fcttern einige sagen auf gar keinen fall das nur wildkr\u00e4uter! oft unterscheidet sich das auch mit dem verschiedenen temperaturen im \u00fcbergangsterrarium! Hast&nbsp;<a href=\"https:\/\/www.xn--landschildkrte-6pb.de\/haltung\/obst-fuettern-oder-nur-wildkraeuter\/\" class=\"read-more\">Weiter lesen<\/a><\/p>\n","protected":false},"author":1,"featured_media":0,"parent":0,"menu_order":0,"comment_status":"closed","ping_status":"closed","template":"","meta":{"_exactmetrics_skip_tracking":false,"_exactmetrics_sitenote_active":false,"_exactmetrics_sitenote_note":"","_exactmetrics_sitenote_category":0,"footnotes":""},"class_list":["post-3348","page","type-page","status-publish","hentry"],"aioseo_notices":[],"publishpress_future_action":{"enabled":false,"date":"2026-04-23 08:18:04","action":"change-status","newStatus":"draft","terms":[],"taxonomy":"","extraData":[]},"publishpress_future_workflow_manual_trigger":{"enabledWorkflows":[]},"_links":{"self":[{"href":"https:\/\/www.xn--landschildkrte-6pb.de\/haltung\/wp-json\/wp\/v2\/pages\/3348","targetHints":{"allow":["GET"]}}],"collection":[{"href":"https:\/\/www.xn--landschildkrte-6pb.de\/haltung\/wp-json\/wp\/v2\/pages"}],"about":[{"href":"https:\/\/www.xn--landschildkrte-6pb.de\/haltung\/wp-json\/wp\/v2\/types\/page"}],"author":[{"embeddable":true,"href":"https:\/\/www.xn--landschildkrte-6pb.de\/haltung\/wp-json\/wp\/v2\/users\/1"}],"replies":[{"embeddable":true,"href":"https:\/\/www.xn--landschildkrte-6pb.de\/haltung\/wp-json\/wp\/v2\/comments?post=3348"}],"version-history":[{"count":7,"href":"https:\/\/www.xn--landschildkrte-6pb.de\/haltung\/wp-json\/wp\/v2\/pages\/3348\/revisions"}],"predecessor-version":[{"id":13702,"href":"https:\/\/www.xn--landschildkrte-6pb.de\/haltung\/wp-json\/wp\/v2\/pages\/3348\/revisions\/13702"}],"wp:attachment":[{"href":"https:\/\/www.xn--landschildkrte-6pb.de\/haltung\/wp-json\/wp\/v2\/media?parent=3348"}],"curies":[{"name":"wp","href":"https:\/\/api.w.org\/{rel}","templated":true}]}}