{"id":3371,"date":"2017-08-21T11:35:07","date_gmt":"2017-08-21T11:35:07","guid":{"rendered":"http:\/\/www.landschildkroeten.de\/haltung\/?page_id=3371"},"modified":"2017-08-21T11:35:07","modified_gmt":"2017-08-21T11:35:07","slug":"landschildkroete-hat-sich-vor-dem-winter-im-garten-eingegraben","status":"publish","type":"page","link":"https:\/\/www.xn--landschildkrte-6pb.de\/haltung\/landschildkroete-hat-sich-vor-dem-winter-im-garten-eingegraben\/","title":{"rendered":"Landschildkr\u00f6te hat sich vor dem Winter im Garten eingegraben"},"content":{"rendered":"<p>hallo,<br \/>\nvor 3 tagen war unsere griechische landschildkr\u00f6te noch an ihrem lieblingsplatz. als ich sie vorgestern holen wollte und f\u00fcr den winterschlaf vorbereiten wollte - war sie weg. und nicht wieder aufgetaucht. jetzt haben wir sogar fr\u00fchzeitig alle blumen raus und den garten \"sauber\" gemacht um sie zu finden, aber wir haben sie nicht gefunden.<br \/>\nkann sie den winter drau\u00dfen irgendwo vergraben \u00fcberstehen oder soll ich weiter suchen. mit dem spaten hab ich mich nicht getraut, sonst verletz ich sie noch.<br \/>\nwie weit runter k\u00f6nnen sich schildkr\u00f6ten eingraben?<br \/>\nbitte um info,<br \/>\ndanke liebe gr\u00fcsse<br \/>\nyvonne<\/p>\n<p><em>---Antwort---<br \/>\nHallo Yvonne,<br \/>\nsie kann den Winter zwar so \u00fcberstehen aber sicher ist das nicht. Mit dem Spaten bitte nicht graben, das ist zu gef\u00e4hrlich!<br \/>\nSuch mit der Hand nochmal gr\u00fcndlich alles in der N\u00e4he von Grassoden und B\u00fcschen ab. Gerne vergaben sie sich auch an gesch\u00fctzten Ecken, Wurzeln, H\u00fcgeln usw. Tief wird sie noch nicht eingegraben und mit der Hand auffindbar sein.<\/p>\n<p>Gru\u00df<br \/>\nFlorian<\/em><\/p>\n","protected":false},"excerpt":{"rendered":"<p>hallo, vor 3 tagen war unsere griechische landschildkr\u00f6te noch an ihrem lieblingsplatz. als ich sie vorgestern holen wollte und f\u00fcr den winterschlaf vorbereiten wollte - war sie weg. und nicht wieder aufgetaucht. jetzt haben wir sogar fr\u00fchzeitig alle blumen raus und den garten \"sauber\" gemacht um sie zu finden, aber wir haben sie nicht gefunden. kann sie den winter drau\u00dfen&nbsp;<a href=\"https:\/\/www.xn--landschildkrte-6pb.de\/haltung\/landschildkroete-hat-sich-vor-dem-winter-im-garten-eingegraben\/\" class=\"read-more\">Weiter lesen<\/a><\/p>\n","protected":false},"author":1,"featured_media":0,"parent":0,"menu_order":0,"comment_status":"closed","ping_status":"closed","template":"","meta":{"_exactmetrics_skip_tracking":false,"_exactmetrics_sitenote_active":false,"_exactmetrics_sitenote_note":"","_exactmetrics_sitenote_category":0,"footnotes":""},"class_list":["post-3371","page","type-page","status-publish","hentry"],"aioseo_notices":[],"publishpress_future_action":{"enabled":false,"date":"2026-05-01 14:51:12","action":"change-status","newStatus":"draft","terms":[],"taxonomy":"","extraData":[]},"publishpress_future_workflow_manual_trigger":{"enabledWorkflows":[]},"_links":{"self":[{"href":"https:\/\/www.xn--landschildkrte-6pb.de\/haltung\/wp-json\/wp\/v2\/pages\/3371","targetHints":{"allow":["GET"]}}],"collection":[{"href":"https:\/\/www.xn--landschildkrte-6pb.de\/haltung\/wp-json\/wp\/v2\/pages"}],"about":[{"href":"https:\/\/www.xn--landschildkrte-6pb.de\/haltung\/wp-json\/wp\/v2\/types\/page"}],"author":[{"embeddable":true,"href":"https:\/\/www.xn--landschildkrte-6pb.de\/haltung\/wp-json\/wp\/v2\/users\/1"}],"replies":[{"embeddable":true,"href":"https:\/\/www.xn--landschildkrte-6pb.de\/haltung\/wp-json\/wp\/v2\/comments?post=3371"}],"version-history":[{"count":1,"href":"https:\/\/www.xn--landschildkrte-6pb.de\/haltung\/wp-json\/wp\/v2\/pages\/3371\/revisions"}],"predecessor-version":[{"id":3372,"href":"https:\/\/www.xn--landschildkrte-6pb.de\/haltung\/wp-json\/wp\/v2\/pages\/3371\/revisions\/3372"}],"wp:attachment":[{"href":"https:\/\/www.xn--landschildkrte-6pb.de\/haltung\/wp-json\/wp\/v2\/media?parent=3371"}],"curies":[{"name":"wp","href":"https:\/\/api.w.org\/{rel}","templated":true}]}}