{"id":3377,"date":"2017-08-21T11:47:35","date_gmt":"2017-08-21T11:47:35","guid":{"rendered":"http:\/\/www.landschildkroeten.de\/haltung\/?page_id=3377"},"modified":"2022-03-11T09:21:58","modified_gmt":"2022-03-11T09:21:58","slug":"wieviel-futter-pro-tag-fuer-schildkroete","status":"publish","type":"page","link":"https:\/\/www.xn--landschildkrte-6pb.de\/haltung\/wieviel-futter-pro-tag-fuer-schildkroete\/","title":{"rendered":"Wieviel Futter pro Tag f\u00fcr Schildkr\u00f6te?"},"content":{"rendered":"<p>Hallo ich wollte mal wissen wieviel braucht denn eine schildkr\u00f6te (jungtier) so minimum am tag?<br \/>\nIrgendwie kann ich bei den kr\u00e4utern ganz schlecht die menge absch\u00e4tzen !<br \/>\nUnd muss man die Kr\u00e4uter immer sammeln oder gibt es auch die m\u00f6glichkeit im Winter das terrarium zu bepflanzen? Wenn ja wo besorgt ihr dann eure Pflanzen?<\/p>\n<p><em>---Antwort---<br \/>\nHallo Sarah,<br \/>\nim nat\u00fcrlichen Habitat stehen auch Jungtieren den ganzen Tag gesunde Futterpflanzen zur Verf\u00fcgung. Deshalb werden sie sich an den hier aufgezeigten Futterpflanzen und auch Kr\u00e4utern wie <a href=\"https:\/\/www.xn--landschildkrte-6pb.de\/haltung\/agrobs\/\">Agrobs<\/a> nur schwer \u00fcberfressen.<\/em><\/p>\n<p>Im Winter kann man entweder Futterpflanzen sammeln, die auch im Winter vorhanden sind (z.B. Bl\u00e4tter von wilden Erdbeeren, Himbeer-\/Brombeerbl\u00e4tter). Oder man bepflanzt das Terrarium mit <a href=\"https:\/\/www.xn--schildkrten-yfb.de\/products\/golliwoog-callisia-repens-futterpflanze\" target=\"_blank\" rel=\"noopener noreferrer\">Golliwoog<\/a> und \u00e4hnlichem.<\/p>\n<a href=\"https:\/\/www.xn--schildkrten-yfb.net\/produkt\/pre-alpin-testudo-original-500-g\/\" title=\"Agrobs kaufen\" class=\"btn btn-primary btn-normal btn-inline \" target=\"_blank\"><i class=\"icon-shopping-cart\"><\/i>Agrobs kaufen<\/a><!-- .btn -->\n<a href=\"https:\/\/www.xn--schildkrten-yfb.de\/products\/golliwoog-callisia-repens-futterpflanze\" title=\"Golliwoog kaufen\" class=\"btn btn-primary btn-normal btn-inline \" target=\"_blank\"><i class=\"icon-shopping-cart\"><\/i>Golliwoog kaufen<\/a><!-- .btn --><img loading=\"lazy\" decoding=\"async\" class=\"alignleft size-full wp-image-8549\" src=\"https:\/\/www.xn--landschildkrte-6pb.de\/haltung\/wp-content\/uploads\/2020\/05\/Schildkr\u00f6te-mit-einem-Topf-Golliwoog-scaled.jpg\" alt=\"\" width=\"2560\" height=\"1920\" srcset=\"https:\/\/www.xn--landschildkrte-6pb.de\/haltung\/wp-content\/uploads\/2020\/05\/Schildkr\u00f6te-mit-einem-Topf-Golliwoog-scaled.jpg 2560w, https:\/\/www.xn--landschildkrte-6pb.de\/haltung\/wp-content\/uploads\/2020\/05\/Schildkr\u00f6te-mit-einem-Topf-Golliwoog-300x225.jpg 300w, https:\/\/www.xn--landschildkrte-6pb.de\/haltung\/wp-content\/uploads\/2020\/05\/Schildkr\u00f6te-mit-einem-Topf-Golliwoog-1024x768.jpg 1024w, https:\/\/www.xn--landschildkrte-6pb.de\/haltung\/wp-content\/uploads\/2020\/05\/Schildkr\u00f6te-mit-einem-Topf-Golliwoog-768x576.jpg 768w, https:\/\/www.xn--landschildkrte-6pb.de\/haltung\/wp-content\/uploads\/2020\/05\/Schildkr\u00f6te-mit-einem-Topf-Golliwoog-1536x1152.jpg 1536w, https:\/\/www.xn--landschildkrte-6pb.de\/haltung\/wp-content\/uploads\/2020\/05\/Schildkr\u00f6te-mit-einem-Topf-Golliwoog-2048x1536.jpg 2048w, https:\/\/www.xn--landschildkrte-6pb.de\/haltung\/wp-content\/uploads\/2020\/05\/Schildkr\u00f6te-mit-einem-Topf-Golliwoog-200x150.jpg 200w\" sizes=\"auto, (max-width: 2560px) 100vw, 2560px\" \/><br \/>\nAu\u00dferhalb der Winterstarre ist auch Lollo Rosso, Romanasalat, Endiviensalat und <a href=\"https:\/\/xn--schildkrten-yfb.de\/products\/golli-thek-ackersalat-valerianella\" target=\"_blank\" rel=\"noopener\">Ackersalat<\/a> als \"\u00dcbergangsfutter\" erlaubt.<\/p>\n<p>Man sollte eine Schildkr\u00f6te auf jeden Fall nicht hungern lassen und ihr immer so viel zur Verf\u00fcgung stellen, wie sie fressen m\u00f6chte.<\/p>\n<p><em>Gru\u00df Florian<br \/>\n<\/em><\/p>\n","protected":false},"excerpt":{"rendered":"<p>Hallo ich wollte mal wissen wieviel braucht denn eine schildkr\u00f6te (jungtier) so minimum am tag? Irgendwie kann ich bei den kr\u00e4utern ganz schlecht die menge absch\u00e4tzen ! Und muss man die Kr\u00e4uter immer sammeln oder gibt es auch die m\u00f6glichkeit im Winter das terrarium zu bepflanzen? Wenn ja wo besorgt ihr dann eure Pflanzen? ---Antwort--- Hallo Sarah, im nat\u00fcrlichen Habitat&nbsp;<a href=\"https:\/\/www.xn--landschildkrte-6pb.de\/haltung\/wieviel-futter-pro-tag-fuer-schildkroete\/\" class=\"read-more\">Weiter lesen<\/a><\/p>\n","protected":false},"author":1,"featured_media":0,"parent":0,"menu_order":0,"comment_status":"closed","ping_status":"closed","template":"","meta":{"_exactmetrics_skip_tracking":false,"_exactmetrics_sitenote_active":false,"_exactmetrics_sitenote_note":"","_exactmetrics_sitenote_category":0,"footnotes":""},"class_list":["post-3377","page","type-page","status-publish","hentry"],"aioseo_notices":[],"publishpress_future_action":{"enabled":false,"date":"2026-05-05 08:13:39","action":"change-status","newStatus":"draft","terms":[],"taxonomy":"","extraData":[]},"publishpress_future_workflow_manual_trigger":{"enabledWorkflows":[]},"_links":{"self":[{"href":"https:\/\/www.xn--landschildkrte-6pb.de\/haltung\/wp-json\/wp\/v2\/pages\/3377","targetHints":{"allow":["GET"]}}],"collection":[{"href":"https:\/\/www.xn--landschildkrte-6pb.de\/haltung\/wp-json\/wp\/v2\/pages"}],"about":[{"href":"https:\/\/www.xn--landschildkrte-6pb.de\/haltung\/wp-json\/wp\/v2\/types\/page"}],"author":[{"embeddable":true,"href":"https:\/\/www.xn--landschildkrte-6pb.de\/haltung\/wp-json\/wp\/v2\/users\/1"}],"replies":[{"embeddable":true,"href":"https:\/\/www.xn--landschildkrte-6pb.de\/haltung\/wp-json\/wp\/v2\/comments?post=3377"}],"version-history":[{"count":6,"href":"https:\/\/www.xn--landschildkrte-6pb.de\/haltung\/wp-json\/wp\/v2\/pages\/3377\/revisions"}],"predecessor-version":[{"id":15860,"href":"https:\/\/www.xn--landschildkrte-6pb.de\/haltung\/wp-json\/wp\/v2\/pages\/3377\/revisions\/15860"}],"wp:attachment":[{"href":"https:\/\/www.xn--landschildkrte-6pb.de\/haltung\/wp-json\/wp\/v2\/media?parent=3377"}],"curies":[{"name":"wp","href":"https:\/\/api.w.org\/{rel}","templated":true}]}}