{"id":5205,"date":"2017-11-07T20:03:34","date_gmt":"2017-11-07T20:03:34","guid":{"rendered":"https:\/\/www.landschildkroeten.de\/?page_id=5205"},"modified":"2019-07-04T05:42:08","modified_gmt":"2019-07-04T05:42:08","slug":"90-griechische-landschildkroeten-testudo-hermanni-hermanni-auf-mallorca-ausgewildert","status":"publish","type":"page","link":"https:\/\/www.xn--landschildkrte-6pb.de\/haltung\/90-griechische-landschildkroeten-testudo-hermanni-hermanni-auf-mallorca-ausgewildert\/","title":{"rendered":"90 Griechische Landschildkr\u00f6ten (Testudo hermanni hermanni) auf Mallorca ausgewildert"},"content":{"rendered":"<div class=\"extra-wrap block_7\">\n<p><img decoding=\"async\" src=\"https:\/\/www.xn--landschildkrte-6pb.de\/haltung\/wp-content\/themes\/theme-52170\/images\/landschildkroeten-icon.png\" \/>Ich freue mich \u00fcber deine Bewertung:[kkstarratings]\nAuf <a href=\"https:\/\/www.xn--landschildkrte-6pb.de\/mallorca\/\" target=\"_blank\" rel=\"noopener noreferrer\">Mallorca<\/a> (in Llucmajor) sind im November 2017 genau 90 Griechische Landschildkr\u00f6ten (die westliche Unterart Testudo hermanni hermanni) ausgewildert worden. Auf Mallorca gibt es mehrere Wildtierzentren. Ganz in der N\u00e4he des Flughafen Palma entfernt liegt zum Beispiel ein Wildtierzentrum. Hier werden jedes Jahr tausende Schildkr\u00f6ten f\u00fcr ein Leben in der freien Wildbahn wieder fit gemacht um sp\u00e4ter wieder in die Natur entlassen zu werden.<\/p>\n<div id=\"attachment_5206\" style=\"width: 810px\" class=\"wp-caption alignnone\"><a href=\"https:\/\/www.xn--landschildkrte-6pb.de\/haltung\/wp-content\/uploads\/2017\/11\/Griechische-Landschildkr\u00f6te-auf-Mallorca.jpg\"><img loading=\"lazy\" decoding=\"async\" aria-describedby=\"caption-attachment-5206\" class=\"size-full wp-image-5206\" src=\"https:\/\/www.xn--landschildkrte-6pb.de\/haltung\/wp-content\/uploads\/2017\/11\/Griechische-Landschildkr\u00f6te-auf-Mallorca.jpg\" alt=\"\" width=\"800\" height=\"600\" srcset=\"https:\/\/www.xn--landschildkrte-6pb.de\/haltung\/wp-content\/uploads\/2017\/11\/Griechische-Landschildkr\u00f6te-auf-Mallorca.jpg 800w, https:\/\/www.xn--landschildkrte-6pb.de\/haltung\/wp-content\/uploads\/2017\/11\/Griechische-Landschildkr\u00f6te-auf-Mallorca-300x225.jpg 300w, https:\/\/www.xn--landschildkrte-6pb.de\/haltung\/wp-content\/uploads\/2017\/11\/Griechische-Landschildkr\u00f6te-auf-Mallorca-768x576.jpg 768w, https:\/\/www.xn--landschildkrte-6pb.de\/haltung\/wp-content\/uploads\/2017\/11\/Griechische-Landschildkr\u00f6te-auf-Mallorca-200x150.jpg 200w\" sizes=\"auto, (max-width: 800px) 100vw, 800px\" \/><\/a><p id=\"caption-attachment-5206\" class=\"wp-caption-text\">Griechische Landschildkr\u00f6te auf Mallorca<\/p><\/div>\n<p>Die Landschildkr\u00f6ten hatten unter anderem durch landwirtschaftliche Maschinen, Hunde oder durch andere diverse Unf\u00e4lle Verletzungen erlitten.<br \/>\n<\/div>\n","protected":false},"excerpt":{"rendered":"","protected":false},"author":1,"featured_media":5206,"parent":0,"menu_order":0,"comment_status":"closed","ping_status":"closed","template":"","meta":{"_exactmetrics_skip_tracking":false,"_exactmetrics_sitenote_active":false,"_exactmetrics_sitenote_note":"","_exactmetrics_sitenote_category":0,"footnotes":""},"class_list":["post-5205","page","type-page","status-publish","has-post-thumbnail","hentry"],"aioseo_notices":[],"publishpress_future_action":{"enabled":false,"date":"2026-04-21 22:06:35","action":"change-status","newStatus":"draft","terms":[],"taxonomy":"","extraData":[]},"publishpress_future_workflow_manual_trigger":{"enabledWorkflows":[]},"_links":{"self":[{"href":"https:\/\/www.xn--landschildkrte-6pb.de\/haltung\/wp-json\/wp\/v2\/pages\/5205","targetHints":{"allow":["GET"]}}],"collection":[{"href":"https:\/\/www.xn--landschildkrte-6pb.de\/haltung\/wp-json\/wp\/v2\/pages"}],"about":[{"href":"https:\/\/www.xn--landschildkrte-6pb.de\/haltung\/wp-json\/wp\/v2\/types\/page"}],"author":[{"embeddable":true,"href":"https:\/\/www.xn--landschildkrte-6pb.de\/haltung\/wp-json\/wp\/v2\/users\/1"}],"replies":[{"embeddable":true,"href":"https:\/\/www.xn--landschildkrte-6pb.de\/haltung\/wp-json\/wp\/v2\/comments?post=5205"}],"version-history":[{"count":6,"href":"https:\/\/www.xn--landschildkrte-6pb.de\/haltung\/wp-json\/wp\/v2\/pages\/5205\/revisions"}],"predecessor-version":[{"id":7027,"href":"https:\/\/www.xn--landschildkrte-6pb.de\/haltung\/wp-json\/wp\/v2\/pages\/5205\/revisions\/7027"}],"wp:featuredmedia":[{"embeddable":true,"href":"https:\/\/www.xn--landschildkrte-6pb.de\/haltung\/wp-json\/wp\/v2\/media\/5206"}],"wp:attachment":[{"href":"https:\/\/www.xn--landschildkrte-6pb.de\/haltung\/wp-json\/wp\/v2\/media?parent=5205"}],"curies":[{"name":"wp","href":"https:\/\/api.w.org\/{rel}","templated":true}]}}