{"id":5593,"date":"2017-11-20T14:52:18","date_gmt":"2017-11-20T14:52:18","guid":{"rendered":"https:\/\/www.landschildkroeten.de\/?page_id=5593"},"modified":"2023-04-11T11:52:00","modified_gmt":"2023-04-11T11:52:00","slug":"schildkroeten-bodengrund-erde","status":"publish","type":"page","link":"https:\/\/www.xn--landschildkrte-6pb.de\/haltung\/schildkroetenshop\/schildkroeten-bodengrund-erde\/","title":{"rendered":"Schildkr\u00f6ten &#8211; Bodengrund \/ Erde"},"content":{"rendered":"<div class=\"extra-wrap block_7\">\n<h3>Die richtige Erde f\u00fcr Schildkr\u00f6ten<\/h3>\n<p>Welchen Bodengrund nimmt man am besten f\u00fcr Schildkr\u00f6ten? Die Frage der richtigen Erde f\u00fcr Schildkr\u00f6ten ist eine sehr h\u00e4ufige, die ich anhand dieser \u00dcbersicht beantworten m\u00f6chte. Besonders im Terrarium ist ein hochwertiges Substrat sehr wichtig.<\/p>\n<p>Die Verk\u00e4ufern beliebten Substrate <strong>Buchenholz<\/strong>, <strong>Rindenmulch<\/strong>, <strong>Holzsp\u00e4ne<\/strong> und <strong>Pinienrinde<\/strong> sind v\u00f6llig <strong>ungeeignet<\/strong> f\u00fcr Schildkr\u00f6ten.<\/p>\n<p><img loading=\"lazy\" decoding=\"async\" class=\"aligncenter size-full wp-image-6698\" src=\"https:\/\/www.xn--landschildkrte-6pb.de\/haltung\/wp-content\/uploads\/2019\/04\/Schildkr\u00f6te-Buchenholz.jpeg\" alt=\"\" width=\"900\" height=\"444\" srcset=\"https:\/\/www.xn--landschildkrte-6pb.de\/haltung\/wp-content\/uploads\/2019\/04\/Schildkr\u00f6te-Buchenholz.jpeg 900w, https:\/\/www.xn--landschildkrte-6pb.de\/haltung\/wp-content\/uploads\/2019\/04\/Schildkr\u00f6te-Buchenholz-300x148.jpeg 300w, https:\/\/www.xn--landschildkrte-6pb.de\/haltung\/wp-content\/uploads\/2019\/04\/Schildkr\u00f6te-Buchenholz-768x379.jpeg 768w, https:\/\/www.xn--landschildkrte-6pb.de\/haltung\/wp-content\/uploads\/2019\/04\/Schildkr\u00f6te-Buchenholz-100x50.jpeg 100w\" sizes=\"auto, (max-width: 900px) 100vw, 900px\" \/><\/p>\n<p>Sie nehmen keine Feuchtigkeit auf, sind nicht trittfest, Schildkr\u00f6ten k\u00f6nnen sich nicht eingraben und schlimmstenfalls sogar Kleinteile davon verschlucken. Welches Schildkr\u00f6ten-Substrat Sie im Fr\u00fchbeet und Terrarium verwenden k\u00f6nnen, haben wir hier ausgelistet:<a href=\"https:\/\/xn--schildkrten-yfb.de\/products\/linsor-schildkroetenerde-schildkroetensubstrat\" target=\"_blank\" rel=\"noopener noreferrer\"><img loading=\"lazy\" decoding=\"async\" class=\"alignright wp-image-20200\" src=\"https:\/\/www.xn--landschildkrte-6pb.de\/haltung\/wp-content\/uploads\/2023\/04\/Linsor-Schildkroeten-Erde-229x300.jpg\" alt=\"\" width=\"458\" height=\"600\" srcset=\"https:\/\/www.xn--landschildkrte-6pb.de\/haltung\/wp-content\/uploads\/2023\/04\/Linsor-Schildkroeten-Erde-229x300.jpg 229w, https:\/\/www.xn--landschildkrte-6pb.de\/haltung\/wp-content\/uploads\/2023\/04\/Linsor-Schildkroeten-Erde-782x1024.jpg 782w, https:\/\/www.xn--landschildkrte-6pb.de\/haltung\/wp-content\/uploads\/2023\/04\/Linsor-Schildkroeten-Erde-768x1006.jpg 768w, https:\/\/www.xn--landschildkrte-6pb.de\/haltung\/wp-content\/uploads\/2023\/04\/Linsor-Schildkroeten-Erde-1173x1536.jpg 1173w, https:\/\/www.xn--landschildkrte-6pb.de\/haltung\/wp-content\/uploads\/2023\/04\/Linsor-Schildkroeten-Erde-1563x2048.jpg 1563w, https:\/\/www.xn--landschildkrte-6pb.de\/haltung\/wp-content\/uploads\/2023\/04\/Linsor-Schildkroeten-Erde-scaled.jpg 1954w\" sizes=\"auto, (max-width: 458px) 100vw, 458px\" \/><\/a><\/p>\n<ol>\n<li><strong>Unsere Empfehlung<\/strong>:<br \/>Die Linsor Schildkr\u00f6tenerde wurde in Zusammenarbeit mit Landschildkr\u00f6ten-Fachmann Thorsten Geier entwickelt. Das Schildkr\u00f6ten-Substrat ist eine nat\u00fcrliche und d\u00fcngerfreie Erde, welche als Bodengrund im Fr\u00fchbeet und Gew\u00e4chshaus sowie im Terrarium erfolgreich eingesetzt wird.<br \/><a href=\"https:\/\/www.xn--landschildkrte-6pb.de\/haltung\/schildkroetenshop\/schildkroeten-bodengrund-erde\/attachment\/linsor-schildkroetenerde\/\" rel=\"attachment wp-att-20205\"><img loading=\"lazy\" decoding=\"async\" class=\"alignnone wp-image-20205 size-medium\" src=\"https:\/\/www.xn--landschildkrte-6pb.de\/haltung\/wp-content\/uploads\/2023\/04\/Linsor-Schildkroetenerde-212x300.jpg\" alt=\"\" width=\"212\" height=\"300\" srcset=\"https:\/\/www.xn--landschildkrte-6pb.de\/haltung\/wp-content\/uploads\/2023\/04\/Linsor-Schildkroetenerde-212x300.jpg 212w, https:\/\/www.xn--landschildkrte-6pb.de\/haltung\/wp-content\/uploads\/2023\/04\/Linsor-Schildkroetenerde-724x1024.jpg 724w, https:\/\/www.xn--landschildkrte-6pb.de\/haltung\/wp-content\/uploads\/2023\/04\/Linsor-Schildkroetenerde-768x1087.jpg 768w, https:\/\/www.xn--landschildkrte-6pb.de\/haltung\/wp-content\/uploads\/2023\/04\/Linsor-Schildkroetenerde-1086x1536.jpg 1086w, https:\/\/www.xn--landschildkrte-6pb.de\/haltung\/wp-content\/uploads\/2023\/04\/Linsor-Schildkroetenerde-1447x2048.jpg 1447w, https:\/\/www.xn--landschildkrte-6pb.de\/haltung\/wp-content\/uploads\/2023\/04\/Linsor-Schildkroetenerde-scaled.jpg 1809w\" sizes=\"auto, (max-width: 212px) 100vw, 212px\" \/><\/a><br \/><a href=\"https:\/\/xn--schildkrten-yfb.de\/products\/linsor-schildkroetenerde-schildkroetensubstrat\" title=\"Linsor Schildkr\u00f6tenerde kaufen\" class=\"btn btn-primary btn-normal btn-inline \" target=\"_blank\"><i class=\"icon-shopping-cart\"><\/i>Linsor Schildkr\u00f6tenerde kaufen<\/a><!-- .btn --><div class=\"hr\"><\/div><!-- .hr (end) --><\/li>\n<li>Das <a href=\"https:\/\/xn--schildkrten-yfb.de\/products\/floragard-schildkroeten-substrat\" target=\"_blank\" rel=\"noopener\">Floragard-Schildkr\u00f6tensubstrat<\/a> wurde auf Basis von Torf entwickelt und 100% nat\u00fcrlich und d\u00fcngefrei. Mit optimalem pH-Wert, der genau auf die Anspr\u00fcche von Schildkr\u00f6ten abgestimmt ist. Im Vergleich zu sandigem Bodengrund besteht hier keine Gefahr der Verstopfung im Darm bei der Aufnahme w\u00e4hrend des Fressens. Kot und Urin wird geruchsneutral aufgenommen. Empfohlen vom Schildkr\u00f6ten-Experten Thorsten Geier:<br \/><a href=\"https:\/\/xn--schildkrten-yfb.de\/products\/floragard-schildkroeten-substrat\" title=\"Floragard kaufen\" class=\"btn btn-primary btn-normal btn-inline \" target=\"_blank\"><i class=\"icon-shopping-cart\"><\/i>Floragard kaufen<\/a><!-- .btn --><div class=\"hr\"><\/div><!-- .hr (end) --><\/li>\n<li>Diese nat\u00fcrliche <a href=\"https:\/\/www.xn--schildkrten-yfb.net\/produkt\/floragard-schildkroetenerde-und-terrariensubstrat-20-l-natuerliche-einstreu-fuer-reptilien\/\" target=\"_blank\" rel=\"noopener noreferrer\">Spezial-Erde f\u00fcr Landschildkr\u00f6ten<\/a> von Floragard nimmt ideal Feuchtigkeit auf, speichert diese und bietet eine gute Trittfestigkeit. Perfekt f\u00fcr den Eiablageh\u00fcgel oder als Substrat f\u00fcr die Winterstarre. Die Schildkr\u00f6ten graben sich sehr gerne darin ein und legen problemlos ihre Eier hinein. Es ist perfekt f\u00fcrs Terrarium, Freigehege und f\u00fcr die \u00dcberwinterungsboxen geeignet.<br \/><a href=\"https:\/\/www.schildkr\u00f6ten.net\/produkt\/floragard-schildkroetenerde-und-terrariensubstrat-20-l-natuerliche-einstreu-fuer-reptilien\/\" title=\"Spezial-Erde bestellen\" class=\"btn btn-primary btn-normal btn-inline \" target=\"_blank\"><i class=\"icon-shopping-cart\"><\/i>Spezial-Erde bestellen<\/a><!-- .btn --><div class=\"hr\"><\/div><!-- .hr (end) --><\/li>\n<li>Auch diese <a href=\"https:\/\/xn--schildkrten-yfb.de\/products\/kokosfaser-substrat-kokosfaserhumus\" target=\"_blank\" rel=\"noopener\">Kokosfaser Briketts<\/a> sind ein 100% nat\u00fcrliches Substrat und eine gute Schildkr\u00f6ten-Erde. Der Kokos-Bodengrund bindet sowohl Wasser, als auch Ger\u00fcche und ergibt aufgequollen etwa 70 Liter feinen und schimmelfreien Kokosfaser-Bodengrund (die Erde dehnt sich also sehr stark aus, auf das 8-10 fache seines gepressten Volumens). Der pH-Wert liegt ideal zwischen 5,6 und 6,3.\n\n\t\t<style type=\"text\/css\">\n\t\t\t#gallery-1 {\n\t\t\t\tmargin: auto;\n\t\t\t}\n\t\t\t#gallery-1 .gallery-item {\n\t\t\t\tfloat: left;\n\t\t\t\tmargin-top: 10px;\n\t\t\t\ttext-align: center;\n\t\t\t\twidth: 33%;\n\t\t\t}\n\t\t\t#gallery-1 img {\n\t\t\t\tborder: 2px solid #cfcfcf;\n\t\t\t}\n\t\t\t#gallery-1 .gallery-caption {\n\t\t\t\tmargin-left: 0;\n\t\t\t}\n\t\t\t\/* see gallery_shortcode() in wp-includes\/media.php *\/\n\t\t<\/style>\n\t\t<div id='gallery-1' class='gallery galleryid-5593 gallery-columns-3 gallery-size-thumbnail'><dl class='gallery-item'>\n\t\t\t<dt class='gallery-icon landscape'>\n\t\t\t\t<a href='https:\/\/www.xn--landschildkrte-6pb.de\/haltung\/schildkroetenshop\/schildkroeten-bodengrund-erde\/attachment\/kokosfaser-substrat\/'><img loading=\"lazy\" decoding=\"async\" width=\"150\" height=\"150\" src=\"https:\/\/www.xn--landschildkrte-6pb.de\/haltung\/wp-content\/uploads\/2022\/08\/Kokosfaser-Substrat-150x150.jpg\" class=\"attachment-thumbnail size-thumbnail\" alt=\"\" aria-describedby=\"gallery-1-18348\" srcset=\"https:\/\/www.xn--landschildkrte-6pb.de\/haltung\/wp-content\/uploads\/2022\/08\/Kokosfaser-Substrat-150x150.jpg 150w, https:\/\/www.xn--landschildkrte-6pb.de\/haltung\/wp-content\/uploads\/2022\/08\/Kokosfaser-Substrat-300x300.jpg 300w, https:\/\/www.xn--landschildkrte-6pb.de\/haltung\/wp-content\/uploads\/2022\/08\/Kokosfaser-Substrat-1024x1024.jpg 1024w, https:\/\/www.xn--landschildkrte-6pb.de\/haltung\/wp-content\/uploads\/2022\/08\/Kokosfaser-Substrat-768x768.jpg 768w, https:\/\/www.xn--landschildkrte-6pb.de\/haltung\/wp-content\/uploads\/2022\/08\/Kokosfaser-Substrat.jpg 1200w\" sizes=\"auto, (max-width: 150px) 100vw, 150px\" \/><\/a>\n\t\t\t<\/dt>\n\t\t\t\t<dd class='wp-caption-text gallery-caption' id='gallery-1-18348'>\n\t\t\t\tKokosfaser-Substrat\n\t\t\t\t<\/dd><\/dl><dl class='gallery-item'>\n\t\t\t<dt class='gallery-icon landscape'>\n\t\t\t\t<a href='https:\/\/www.xn--landschildkrte-6pb.de\/haltung\/schildkroetenshop\/schildkroeten-bodengrund-erde\/attachment\/kokosfaserhumus\/'><img loading=\"lazy\" decoding=\"async\" width=\"150\" height=\"150\" src=\"https:\/\/www.xn--landschildkrte-6pb.de\/haltung\/wp-content\/uploads\/2022\/08\/Kokosfaserhumus-150x150.jpg\" class=\"attachment-thumbnail size-thumbnail\" alt=\"\" aria-describedby=\"gallery-1-18346\" srcset=\"https:\/\/www.xn--landschildkrte-6pb.de\/haltung\/wp-content\/uploads\/2022\/08\/Kokosfaserhumus-150x150.jpg 150w, https:\/\/www.xn--landschildkrte-6pb.de\/haltung\/wp-content\/uploads\/2022\/08\/Kokosfaserhumus-300x300.jpg 300w, https:\/\/www.xn--landschildkrte-6pb.de\/haltung\/wp-content\/uploads\/2022\/08\/Kokosfaserhumus-1024x1024.jpg 1024w, https:\/\/www.xn--landschildkrte-6pb.de\/haltung\/wp-content\/uploads\/2022\/08\/Kokosfaserhumus-768x768.jpg 768w, https:\/\/www.xn--landschildkrte-6pb.de\/haltung\/wp-content\/uploads\/2022\/08\/Kokosfaserhumus.jpg 1200w\" sizes=\"auto, (max-width: 150px) 100vw, 150px\" \/><\/a>\n\t\t\t<\/dt>\n\t\t\t\t<dd class='wp-caption-text gallery-caption' id='gallery-1-18346'>\n\t\t\t\tKokosfaserhumus\n\t\t\t\t<\/dd><\/dl><dl class='gallery-item'>\n\t\t\t<dt class='gallery-icon landscape'>\n\t\t\t\t<a href='https:\/\/www.xn--landschildkrte-6pb.de\/haltung\/schildkroetenshop\/schildkroeten-bodengrund-erde\/attachment\/kokosfaserhumus-fuer-schildkroeten\/'><img loading=\"lazy\" decoding=\"async\" width=\"150\" height=\"150\" src=\"https:\/\/www.xn--landschildkrte-6pb.de\/haltung\/wp-content\/uploads\/2022\/08\/Kokosfaserhumus-fuer-Schildkroeten-150x150.jpg\" class=\"attachment-thumbnail size-thumbnail\" alt=\"\" aria-describedby=\"gallery-1-18345\" srcset=\"https:\/\/www.xn--landschildkrte-6pb.de\/haltung\/wp-content\/uploads\/2022\/08\/Kokosfaserhumus-fuer-Schildkroeten-150x150.jpg 150w, https:\/\/www.xn--landschildkrte-6pb.de\/haltung\/wp-content\/uploads\/2022\/08\/Kokosfaserhumus-fuer-Schildkroeten-300x300.jpg 300w, https:\/\/www.xn--landschildkrte-6pb.de\/haltung\/wp-content\/uploads\/2022\/08\/Kokosfaserhumus-fuer-Schildkroeten-1024x1024.jpg 1024w, https:\/\/www.xn--landschildkrte-6pb.de\/haltung\/wp-content\/uploads\/2022\/08\/Kokosfaserhumus-fuer-Schildkroeten-768x768.jpg 768w, https:\/\/www.xn--landschildkrte-6pb.de\/haltung\/wp-content\/uploads\/2022\/08\/Kokosfaserhumus-fuer-Schildkroeten.jpg 1200w\" sizes=\"auto, (max-width: 150px) 100vw, 150px\" \/><\/a>\n\t\t\t<\/dt>\n\t\t\t\t<dd class='wp-caption-text gallery-caption' id='gallery-1-18345'>\n\t\t\t\tKokosfaserhumus f\u00fcr Schildkr\u00f6ten\n\t\t\t\t<\/dd><\/dl><br style=\"clear: both\" \/><dl class='gallery-item'>\n\t\t\t<dt class='gallery-icon landscape'>\n\t\t\t\t<a href='https:\/\/www.xn--landschildkrte-6pb.de\/haltung\/schildkroetenshop\/schildkroeten-bodengrund-erde\/attachment\/kokosfaser-substrat-fuer-schildkroeten\/'><img loading=\"lazy\" decoding=\"async\" width=\"150\" height=\"150\" src=\"https:\/\/www.xn--landschildkrte-6pb.de\/haltung\/wp-content\/uploads\/2022\/08\/Kokosfaser-Substrat-fuer-Schildkroeten-150x150.jpg\" class=\"attachment-thumbnail size-thumbnail\" alt=\"\" aria-describedby=\"gallery-1-18347\" srcset=\"https:\/\/www.xn--landschildkrte-6pb.de\/haltung\/wp-content\/uploads\/2022\/08\/Kokosfaser-Substrat-fuer-Schildkroeten-150x150.jpg 150w, https:\/\/www.xn--landschildkrte-6pb.de\/haltung\/wp-content\/uploads\/2022\/08\/Kokosfaser-Substrat-fuer-Schildkroeten-300x300.jpg 300w, https:\/\/www.xn--landschildkrte-6pb.de\/haltung\/wp-content\/uploads\/2022\/08\/Kokosfaser-Substrat-fuer-Schildkroeten-1024x1024.jpg 1024w, https:\/\/www.xn--landschildkrte-6pb.de\/haltung\/wp-content\/uploads\/2022\/08\/Kokosfaser-Substrat-fuer-Schildkroeten-768x768.jpg 768w, https:\/\/www.xn--landschildkrte-6pb.de\/haltung\/wp-content\/uploads\/2022\/08\/Kokosfaser-Substrat-fuer-Schildkroeten.jpg 1200w\" sizes=\"auto, (max-width: 150px) 100vw, 150px\" \/><\/a>\n\t\t\t<\/dt>\n\t\t\t\t<dd class='wp-caption-text gallery-caption' id='gallery-1-18347'>\n\t\t\t\tKokosfaser-Substrat f\u00fcr Schildkr\u00f6ten\n\t\t\t\t<\/dd><\/dl>\n\t\t\t<br style='clear: both' \/>\n\t\t<\/div>\n\n<p>\u00a0<\/p>\n<a href=\"https:\/\/xn--schildkrten-yfb.de\/products\/kokosfaser-substrat-kokosfaserhumus\" title=\"Bestellung Kokosfaser\" class=\"btn btn-primary btn-normal btn-inline \" target=\"_blank\"><i class=\"icon-shopping-cart\"><\/i>Bestellung Kokosfaser<\/a><!-- .btn --><div class=\"hr\"><\/div><!-- .hr (end) -->\n<\/li>\n<li>Dieses <a href=\"https:\/\/xn--schildkrten-yfb.de\/products\/kokosfaser-substrat-kokosfaserhumus\" target=\"_blank\" rel=\"noopener\">Kokoseinstreu f\u00fcr Schildkr\u00f6ten<\/a> aus nachwachsenden Rohstoffen wird in Bl\u00f6cken geliefert und l\u00e4sst sich somit leicht im Schildkr\u00f6ten-Terrarium portionieren. Es ist unged\u00fcngt und kann - wie auch alle anderen hier gezeigten Substrate - nach Verwendung in der Biotonne entsorgt werden. Kokoserde ist nach dem Aufquellen weich und locker und speichert gleichm\u00e4\u00dfig Feuchtigkeit.<br \/><a href=\"https:\/\/xn--schildkrten-yfb.de\/products\/kokosfaser-substrat-kokosfaserhumus\" title=\"Kokoseinstreu kaufen\" class=\"btn btn-primary btn-normal btn-inline \" target=\"_blank\"><i class=\"icon-shopping-cart\"><\/i>Kokoseinstreu kaufen<\/a><!-- .btn --><div class=\"hr\"><\/div><!-- .hr (end) --><\/li>\n<li>Der <a href=\"https:\/\/www.xn--schildkrten-yfb.net\/produkt\/jbl-terrabasis-71012-bodengrund-fuer-regenwaldterrarien-spezialerde-ohne-duengezusatz-20-l\/\" target=\"_blank\" rel=\"noopener noreferrer\">JBL Bodengrund<\/a> ist ein ausgesuchtes Naturprodukt und besteht aus schimmelresistentem Kokoshumus. Der Boden ist damit weder zu weich, noch zu hart f\u00fcr Schildkr\u00f6ten. Sie k\u00f6nnen sich darin jederzeit hervorragend eingraben.<br \/><a href=\"https:\/\/www.schildkr\u00f6ten.net\/produkt\/jbl-terrabasis-71012-bodengrund-fuer-regenwaldterrarien-spezialerde-ohne-duengezusatz-20-l\/\" title=\"Bestellung JBL Bodengrund\" class=\"btn btn-primary btn-normal btn-inline \" target=\"_blank\"><i class=\"icon-shopping-cart\"><\/i>Bestellung JBL Bodengrund<\/a><!-- .btn --><div class=\"hr\"><\/div><!-- .hr (end) --><\/li>\n<li>Dieses <a href=\"https:\/\/xn--schildkrten-yfb.de\/products\/sphagnum-moos\" target=\"_blank\" rel=\"noopener\">Lucky Reptile Sphagnum Moos<\/a> ist nicht wirklich ein Bodengrund, sondern eine ideale Erg\u00e4nzung f\u00fcr das \u00dcberwinterungssubstrat f\u00fcr Schildkr\u00f6ten: Es erh\u00f6ht die Luftfeuchtigkeit und sorgt daf\u00fcr, dass die Feuchtigkeit in der Erde der \u00fcberwinternden Schildkr\u00f6ten l\u00e4nger erhalten bleibt. Auch um das Versteck feucht zu halten (welches bei der Griechischen Landschildkr\u00f6te nie zu trocken sein sollte), ist das Moos hervorragend geeignet.<br \/><a href=\"https:\/\/xn--schildkrten-yfb.de\/products\/sphagnum-moos\" title=\"Sphagnum Moos kaufen\" class=\"btn btn-primary btn-normal btn-inline \" target=\"_blank\"><i class=\"icon-shopping-cart\"><\/i>Sphagnum Moos kaufen<\/a><!-- .btn --><div class=\"hr\"><\/div><!-- .hr (end) --><\/li>\n<\/ol>\n<h2>Gute Substrate f\u00fcr Schildkr\u00f6ten im Onlineshop<\/h2>\n<a href=\"https:\/\/xn--schildkrten-yfb.de\/collections\/bodengrund\" title=\"Zu den Substraten f\u00fcr Schildkr\u00f6ten\" class=\"btn btn-primary btn-normal btn-inline \" target=\"_blank\"><i class=\"icon-arrow-right\"><\/i>Zu den Substraten f\u00fcr Schildkr\u00f6ten<\/a><!-- .btn -->\n<\/div>\n\n\n<div id=\"collection-component-1677693322323\"><\/div>\n<script type=\"text\/javascript\">\n\/*<![CDATA[*\/\n(function () {\n  var scriptURL = 'https:\/\/sdks.shopifycdn.com\/buy-button\/latest\/buy-button-storefront.min.js';\n  if (window.ShopifyBuy) {\n    if (window.ShopifyBuy.UI) {\n      ShopifyBuyInit();\n    } else {\n      loadScript();\n    }\n  } else {\n    loadScript();\n  }\n  function loadScript() {\n    var script = document.createElement('script');\n    script.async = true;\n    script.src = scriptURL;\n    (document.getElementsByTagName('head')[0] || document.getElementsByTagName('body')[0]).appendChild(script);\n    script.onload = ShopifyBuyInit;\n  }\n  function ShopifyBuyInit() {\n    var client = ShopifyBuy.buildClient({\n      domain: 'schildkrotenshop.myshopify.com',\n      storefrontAccessToken: '47479665dc8e402ddefb36f780802909',\n    });\n    ShopifyBuy.UI.onReady(client).then(function (ui) {\n      ui.createComponent('collection', {\n        id: '388858970363',\n        node: document.getElementById('collection-component-1677693322323'),\n        moneyFormat: '%E2%82%AC%7B%7Bamount_with_comma_separator%7D%7D',\n        options: {\n  \"product\": {\n    \"styles\": {\n      \"product\": {\n        \"@media (min-width: 601px)\": {\n          \"max-width\": \"calc(25% - 20px)\",\n          \"margin-left\": \"20px\",\n          \"margin-bottom\": \"50px\",\n          \"width\": \"calc(25% - 20px)\"\n        }\n      },\n      \"button\": {\n        \":hover\": {\n          \"background-color\": \"#8cad0e\"\n        },\n        \"background-color\": \"#9cc00f\",\n        \":focus\": {\n          \"background-color\": \"#8cad0e\"\n        }\n      }\n    },\n    \"buttonDestination\": \"modal\",\n    \"contents\": {\n      \"options\": false\n    },\n    \"text\": {\n      \"button\": \"Produktdetails\"\n    }\n  },\n  \"productSet\": {\n    \"styles\": {\n      \"products\": {\n        \"@media (min-width: 601px)\": {\n          \"margin-left\": \"-20px\"\n        }\n      }\n    }\n  },\n  \"modalProduct\": {\n    \"contents\": {\n      \"img\": false,\n      \"imgWithCarousel\": true,\n      \"button\": false,\n      \"buttonWithQuantity\": true\n    },\n    \"styles\": {\n      \"product\": {\n        \"@media (min-width: 601px)\": {\n          \"max-width\": \"100%\",\n          \"margin-left\": \"0px\",\n          \"margin-bottom\": \"0px\"\n        }\n      },\n      \"button\": {\n        \":hover\": {\n          \"background-color\": \"#8cad0e\"\n        },\n        \"background-color\": \"#9cc00f\",\n        \":focus\": {\n          \"background-color\": \"#8cad0e\"\n        }\n      }\n    },\n    \"text\": {\n      \"button\": \"Warenkorb\"\n    }\n  },\n  \"option\": {},\n  \"cart\": {\n    \"styles\": {\n      \"button\": {\n        \":hover\": {\n          \"background-color\": \"#8cad0e\"\n        },\n        \"background-color\": \"#9cc00f\",\n        \":focus\": {\n          \"background-color\": \"#8cad0e\"\n        }\n      }\n    },\n    \"text\": {\n      \"title\": \"Warenkorb\",\n      \"total\": \"Preis\",\n      \"empty\": \"Dein Warenkorb ist leer.\",\n      \"notice\": \"Versandkosten werden im n\u00e4chsten Schritt berechnet.\",\n      \"button\": \"Zahlung\",\n      \"noteDescription\": \"Bestellhinweis \/ Anmerkung\"\n    },\n    \"popup\": false\n  },\n  \"toggle\": {\n    \"styles\": {\n      \"toggle\": {\n        \"background-color\": \"#9cc00f\",\n        \":hover\": {\n          \"background-color\": \"#8cad0e\"\n        },\n        \":focus\": {\n          \"background-color\": \"#8cad0e\"\n        }\n      }\n    }\n  }\n},\n      });\n    });\n  }\n})();\n\/*]]>*\/\n<\/script>\n","protected":false},"excerpt":{"rendered":"","protected":false},"author":1,"featured_media":16545,"parent":4595,"menu_order":0,"comment_status":"closed","ping_status":"closed","template":"page-fullwidth.php","meta":{"_exactmetrics_skip_tracking":false,"_exactmetrics_sitenote_active":false,"_exactmetrics_sitenote_note":"","_exactmetrics_sitenote_category":0,"footnotes":""},"class_list":["post-5593","page","type-page","status-publish","has-post-thumbnail","hentry"],"aioseo_notices":[],"publishpress_future_action":{"enabled":false,"date":"2026-04-29 13:09:29","action":"change-status","newStatus":"draft","terms":[],"taxonomy":"","extraData":[]},"publishpress_future_workflow_manual_trigger":{"enabledWorkflows":[]},"_links":{"self":[{"href":"https:\/\/www.xn--landschildkrte-6pb.de\/haltung\/wp-json\/wp\/v2\/pages\/5593","targetHints":{"allow":["GET"]}}],"collection":[{"href":"https:\/\/www.xn--landschildkrte-6pb.de\/haltung\/wp-json\/wp\/v2\/pages"}],"about":[{"href":"https:\/\/www.xn--landschildkrte-6pb.de\/haltung\/wp-json\/wp\/v2\/types\/page"}],"author":[{"embeddable":true,"href":"https:\/\/www.xn--landschildkrte-6pb.de\/haltung\/wp-json\/wp\/v2\/users\/1"}],"replies":[{"embeddable":true,"href":"https:\/\/www.xn--landschildkrte-6pb.de\/haltung\/wp-json\/wp\/v2\/comments?post=5593"}],"version-history":[{"count":19,"href":"https:\/\/www.xn--landschildkrte-6pb.de\/haltung\/wp-json\/wp\/v2\/pages\/5593\/revisions"}],"predecessor-version":[{"id":20206,"href":"https:\/\/www.xn--landschildkrte-6pb.de\/haltung\/wp-json\/wp\/v2\/pages\/5593\/revisions\/20206"}],"up":[{"embeddable":true,"href":"https:\/\/www.xn--landschildkrte-6pb.de\/haltung\/wp-json\/wp\/v2\/pages\/4595"}],"wp:featuredmedia":[{"embeddable":true,"href":"https:\/\/www.xn--landschildkrte-6pb.de\/haltung\/wp-json\/wp\/v2\/media\/16545"}],"wp:attachment":[{"href":"https:\/\/www.xn--landschildkrte-6pb.de\/haltung\/wp-json\/wp\/v2\/media?parent=5593"}],"curies":[{"name":"wp","href":"https:\/\/api.w.org\/{rel}","templated":true}]}}